{"id":529,"date":"2020-09-08T04:49:58","date_gmt":"2020-09-08T04:49:58","guid":{"rendered":"http:\/\/wpdemo.archiwp.com\/maxbizz\/?page_id=529"},"modified":"2024-12-18T18:07:43","modified_gmt":"2024-12-18T21:07:43","slug":"produtos","status":"publish","type":"page","link":"https:\/\/devmarshal.eco.br\/pharmalife\/produtos\/","title":{"rendered":"Produtos"},"content":{"rendered":"\t\t<div data-elementor-type=\"wp-page\" data-elementor-id=\"529\" class=\"elementor elementor-529\">\n\t\t\t\t<div class=\"elementor-element elementor-element-24ca6b69 e-flex e-con-boxed e-con e-parent\" data-id=\"24ca6b69\" data-element_type=\"container\" data-settings=\"{&quot;content_width&quot;:&quot;boxed&quot;}\" data-core-v316-plus=\"true\">\n\t\t\t\t\t<div class=\"e-con-inner\">\n\t\t\t\t<div class=\"elementor-element elementor-element-52e77b05 elementor-widget elementor-widget-menu-anchor\" data-id=\"52e77b05\" data-element_type=\"widget\" data-widget_type=\"menu-anchor.default\">\n\t\t\t\t<div class=\"elementor-widget-container\">\n\t\t\t<style>\/*! elementor - v3.19.0 - 05-02-2024 *\/\nbody.elementor-page .elementor-widget-menu-anchor{margin-bottom:0}<\/style>\t\t<div id=\"Produtos\" class=\"elementor-menu-anchor\"><\/div>\n\t\t\t\t<\/div>\n\t\t\t\t<\/div>\n\t\t\t\t<div class=\"elementor-element elementor-element-47982950 elementor-widget elementor-widget-iheading\" data-id=\"47982950\" data-element_type=\"widget\" data-widget_type=\"iheading.default\">\n\t\t\t\t<div class=\"elementor-widget-container\">\n\t\t\t\t\t<div class=\"ot-heading\">\r\n\t        \t        <h2 class=\"main-head\">Nossos Produtos<\/h2>\t    <\/div>\r\n\t    \t\t<\/div>\n\t\t\t\t<\/div>\n\t\t\t\t<div class=\"elementor-element elementor-element-20887b67 elementor-widget elementor-widget-text-editor\" data-id=\"20887b67\" data-element_type=\"widget\" data-widget_type=\"text-editor.default\">\n\t\t\t\t<div class=\"elementor-widget-container\">\n\t\t\t<style>\/*! elementor - v3.19.0 - 05-02-2024 *\/\n.elementor-widget-text-editor.elementor-drop-cap-view-stacked .elementor-drop-cap{background-color:#69727d;color:#fff}.elementor-widget-text-editor.elementor-drop-cap-view-framed .elementor-drop-cap{color:#69727d;border:3px solid;background-color:transparent}.elementor-widget-text-editor:not(.elementor-drop-cap-view-default) .elementor-drop-cap{margin-top:8px}.elementor-widget-text-editor:not(.elementor-drop-cap-view-default) .elementor-drop-cap-letter{width:1em;height:1em}.elementor-widget-text-editor .elementor-drop-cap{float:left;text-align:center;line-height:1;font-size:50px}.elementor-widget-text-editor .elementor-drop-cap-letter{display:inline-block}<\/style>\t\t\t\t<p>Nossa linha de produtos \u00e9 a favor da vida, da sa\u00fade e do meio ambiente e visam promover um ambiente saud\u00e1vel e seguro que tragam bem-estar, minimizando os efeitos do estresse e que atuem refor\u00e7ando as defesas naturais do organismo. Sabe-se que um correto manejo do animal e do seu ambiente reduz consideravelmente o aparecimento de doen\u00e7as e problemas. Nesse contexto, nossa inten\u00e7\u00e3o \u00e9 atuar oferecendo produtos inovadores e de qualidade que promovam a sa\u00fade e a fisiologia do seu pet, prevenindo doen\u00e7as e reduzindo ao m\u00e1ximo o uso de medicamentos.<\/p>\t\t\t\t\t\t<\/div>\n\t\t\t\t<\/div>\n\t\t\t\t\t<\/div>\n\t\t\t\t<\/div>\n\t\t<div class=\"elementor-element elementor-element-9204689 e-flex e-con-boxed e-con e-parent\" data-id=\"9204689\" data-element_type=\"container\" data-settings=\"{&quot;content_width&quot;:&quot;boxed&quot;}\" data-core-v316-plus=\"true\">\n\t\t\t\t\t<div class=\"e-con-inner\">\n\t\t<div class=\"elementor-element elementor-element-5e802ad e-flex e-con-boxed e-con e-child\" data-id=\"5e802ad\" data-element_type=\"container\" data-settings=\"{&quot;content_width&quot;:&quot;boxed&quot;}\">\n\t\t\t\t\t<div class=\"e-con-inner\">\n\t\t\t\t<div class=\"elementor-element elementor-element-49b58c6 elementor-widget elementor-widget-image\" data-id=\"49b58c6\" data-element_type=\"widget\" data-widget_type=\"image.default\">\n\t\t\t\t<div class=\"elementor-widget-container\">\n\t\t\t<style>\/*! elementor - v3.19.0 - 05-02-2024 *\/\n.elementor-widget-image{text-align:center}.elementor-widget-image a{display:inline-block}.elementor-widget-image a img[src$=\".svg\"]{width:48px}.elementor-widget-image img{vertical-align:middle;display:inline-block}<\/style>\t\t\t\t\t\t\t\t\t\t<img fetchpriority=\"high\" decoding=\"async\" width=\"1024\" height=\"1024\" src=\"https:\/\/devmarshal.eco.br\/pharmalife\/wp-content\/uploads\/2024\/08\/Prancheta-5-1024x1024.png\" class=\"attachment-large size-large wp-image-3864\" alt=\"\" srcset=\"https:\/\/devmarshal.eco.br\/pharmalife\/wp-content\/uploads\/2024\/08\/Prancheta-5-1024x1024.png 1024w, https:\/\/devmarshal.eco.br\/pharmalife\/wp-content\/uploads\/2024\/08\/Prancheta-5-300x300.png 300w, https:\/\/devmarshal.eco.br\/pharmalife\/wp-content\/uploads\/2024\/08\/Prancheta-5-150x150.png 150w, https:\/\/devmarshal.eco.br\/pharmalife\/wp-content\/uploads\/2024\/08\/Prancheta-5-768x768.png 768w, https:\/\/devmarshal.eco.br\/pharmalife\/wp-content\/uploads\/2024\/08\/Prancheta-5-600x600.png 600w, https:\/\/devmarshal.eco.br\/pharmalife\/wp-content\/uploads\/2024\/08\/Prancheta-5-100x100.png 100w, https:\/\/devmarshal.eco.br\/pharmalife\/wp-content\/uploads\/2024\/08\/Prancheta-5.png 1080w\" sizes=\"(max-width: 1024px) 100vw, 1024px\" \/>\t\t\t\t\t\t\t\t\t\t\t\t\t<\/div>\n\t\t\t\t<\/div>\n\t\t\t\t<div class=\"elementor-element elementor-element-48c4bb1 elementor-align-center elementor-widget elementor-widget-button\" data-id=\"48c4bb1\" data-element_type=\"widget\" data-widget_type=\"button.default\">\n\t\t\t\t<div class=\"elementor-widget-container\">\n\t\t\t\t\t<div class=\"elementor-button-wrapper\">\n\t\t\t<a class=\"elementor-button elementor-button-link elementor-size-sm\" href=\"https:\/\/devmarshal.eco.br\/pharmalife\/pet-air-spray-para-o-ambiente\/\">\n\t\t\t\t\t\t<span class=\"elementor-button-content-wrapper\">\n\t\t\t\t\t\t<span class=\"elementor-button-text\">Spray eliminador de maus odores para o ambiente<\/span>\n\t\t<\/span>\n\t\t\t\t\t<\/a>\n\t\t<\/div>\n\t\t\t\t<\/div>\n\t\t\t\t<\/div>\n\t\t\t\t\t<\/div>\n\t\t\t\t<\/div>\n\t\t<div class=\"elementor-element elementor-element-23fe880 e-flex e-con-boxed e-con e-child\" data-id=\"23fe880\" data-element_type=\"container\" data-settings=\"{&quot;content_width&quot;:&quot;boxed&quot;}\">\n\t\t\t\t\t<div class=\"e-con-inner\">\n\t\t\t\t<div class=\"elementor-element elementor-element-308d761 elementor-widget elementor-widget-image\" data-id=\"308d761\" data-element_type=\"widget\" data-widget_type=\"image.default\">\n\t\t\t\t<div class=\"elementor-widget-container\">\n\t\t\t\t\t\t\t\t\t\t\t\t\t<img decoding=\"async\" width=\"603\" height=\"603\" src=\"https:\/\/devmarshal.eco.br\/pharmalife\/wp-content\/uploads\/2024\/08\/Allento.webp\" class=\"attachment-large size-large wp-image-3554\" alt=\"\" srcset=\"https:\/\/devmarshal.eco.br\/pharmalife\/wp-content\/uploads\/2024\/08\/Allento.webp 603w, https:\/\/devmarshal.eco.br\/pharmalife\/wp-content\/uploads\/2024\/08\/Allento-300x300.webp 300w, https:\/\/devmarshal.eco.br\/pharmalife\/wp-content\/uploads\/2024\/08\/Allento-150x150.webp 150w, https:\/\/devmarshal.eco.br\/pharmalife\/wp-content\/uploads\/2024\/08\/Allento-600x600.webp 600w, https:\/\/devmarshal.eco.br\/pharmalife\/wp-content\/uploads\/2024\/08\/Allento-100x100.webp 100w\" sizes=\"(max-width: 603px) 100vw, 603px\" \/>\t\t\t\t\t\t\t\t\t\t\t\t\t<\/div>\n\t\t\t\t<\/div>\n\t\t\t\t<div class=\"elementor-element elementor-element-c99547a elementor-align-center elementor-widget elementor-widget-button\" data-id=\"c99547a\" data-element_type=\"widget\" data-widget_type=\"button.default\">\n\t\t\t\t<div class=\"elementor-widget-container\">\n\t\t\t\t\t<div class=\"elementor-button-wrapper\">\n\t\t\t<a class=\"elementor-button elementor-button-link elementor-size-sm\" href=\"https:\/\/devmarshal.eco.br\/pharmalife\/allento-cuidados-para-pele-e-pelo\/\">\n\t\t\t\t\t\t<span class=\"elementor-button-content-wrapper\">\n\t\t\t\t\t\t<span class=\"elementor-button-text\">Cuidado para a Pele e Pelos<\/span>\n\t\t<\/span>\n\t\t\t\t\t<\/a>\n\t\t<\/div>\n\t\t\t\t<\/div>\n\t\t\t\t<\/div>\n\t\t\t\t\t<\/div>\n\t\t\t\t<\/div>\n\t\t\t\t\t<\/div>\n\t\t\t\t<\/div>\n\t\t<div class=\"elementor-element elementor-element-c045ea4 e-flex e-con-boxed e-con e-parent\" data-id=\"c045ea4\" data-element_type=\"container\" data-settings=\"{&quot;content_width&quot;:&quot;boxed&quot;}\" data-core-v316-plus=\"true\">\n\t\t\t\t\t<div class=\"e-con-inner\">\n\t\t\t\t<div class=\"elementor-element elementor-element-e5c0fbc elementor-widget elementor-widget-heading\" data-id=\"e5c0fbc\" data-element_type=\"widget\" data-widget_type=\"heading.default\">\n\t\t\t\t<div class=\"elementor-widget-container\">\n\t\t\t<style>\/*! elementor - v3.19.0 - 05-02-2024 *\/\n.elementor-heading-title{padding:0;margin:0;line-height:1}.elementor-widget-heading .elementor-heading-title[class*=elementor-size-]>a{color:inherit;font-size:inherit;line-height:inherit}.elementor-widget-heading .elementor-heading-title.elementor-size-small{font-size:15px}.elementor-widget-heading .elementor-heading-title.elementor-size-medium{font-size:19px}.elementor-widget-heading .elementor-heading-title.elementor-size-large{font-size:29px}.elementor-widget-heading .elementor-heading-title.elementor-size-xl{font-size:39px}.elementor-widget-heading .elementor-heading-title.elementor-size-xxl{font-size:59px}<\/style><h2 class=\"elementor-heading-title elementor-size-default\">Tenha mais informa\u00e7\u00f5es sobre nossos produtos<\/h2>\t\t<\/div>\n\t\t\t\t<\/div>\n\t\t\t\t<div class=\"elementor-element elementor-element-a79a511 elementor-widget elementor-widget-text-editor\" data-id=\"a79a511\" data-element_type=\"widget\" data-widget_type=\"text-editor.default\">\n\t\t\t\t<div class=\"elementor-widget-container\">\n\t\t\t\t\t\t\t<p style=\"text-align: left;\">Ficou com d\u00favidas ou quer saber mais sobre eles? Nossa equipe est\u00e1 \u00e0 disposi\u00e7\u00e3o para te ajudar! Entre em contato agora mesmo pelo WhatsApp e receba o atendimento que voc\u00ea merece.<\/p>\t\t\t\t\t\t<\/div>\n\t\t\t\t<\/div>\n\t\t\t\t<div class=\"elementor-element elementor-element-13c0972 elementor-align-center elementor-widget elementor-widget-button\" data-id=\"13c0972\" data-element_type=\"widget\" data-widget_type=\"button.default\">\n\t\t\t\t<div class=\"elementor-widget-container\">\n\t\t\t\t\t<div class=\"elementor-button-wrapper\">\n\t\t\t<a class=\"elementor-button elementor-button-link elementor-size-sm\" href=\"https:\/\/wa.me\/+5515997238352\">\n\t\t\t\t\t\t<span class=\"elementor-button-content-wrapper\">\n\t\t\t\t\t\t<span class=\"elementor-button-text\">Entre em contato agora!<\/span>\n\t\t<\/span>\n\t\t\t\t\t<\/a>\n\t\t<\/div>\n\t\t\t\t<\/div>\n\t\t\t\t<\/div>\n\t\t\t\t\t<\/div>\n\t\t\t\t<\/div>\n\t\t\t\t<\/div>\n\t\t","protected":false},"excerpt":{"rendered":"<p>Nossos Produtos Nossa linha de produtos \u00e9 a favor da vida, da sa\u00fade e do meio ambiente e visam promover um ambiente saud\u00e1vel e seguro que tragam bem-estar, minimizando os efeitos do estresse e que atuem refor\u00e7ando as defesas naturais do organismo. Sabe-se que um correto manejo do animal e do seu ambiente reduz consideravelmente [&hellip;]<\/p>\n","protected":false},"author":1,"featured_media":0,"parent":0,"menu_order":0,"comment_status":"closed","ping_status":"closed","template":"","meta":{"_joinchat":[],"footnotes":""},"class_list":["post-529","page","type-page","status-publish","hentry"],"_links":{"self":[{"href":"https:\/\/devmarshal.eco.br\/pharmalife\/wp-json\/wp\/v2\/pages\/529","targetHints":{"allow":["GET"]}}],"collection":[{"href":"https:\/\/devmarshal.eco.br\/pharmalife\/wp-json\/wp\/v2\/pages"}],"about":[{"href":"https:\/\/devmarshal.eco.br\/pharmalife\/wp-json\/wp\/v2\/types\/page"}],"author":[{"embeddable":true,"href":"https:\/\/devmarshal.eco.br\/pharmalife\/wp-json\/wp\/v2\/users\/1"}],"replies":[{"embeddable":true,"href":"https:\/\/devmarshal.eco.br\/pharmalife\/wp-json\/wp\/v2\/comments?post=529"}],"version-history":[{"count":49,"href":"https:\/\/devmarshal.eco.br\/pharmalife\/wp-json\/wp\/v2\/pages\/529\/revisions"}],"predecessor-version":[{"id":4088,"href":"https:\/\/devmarshal.eco.br\/pharmalife\/wp-json\/wp\/v2\/pages\/529\/revisions\/4088"}],"wp:attachment":[{"href":"https:\/\/devmarshal.eco.br\/pharmalife\/wp-json\/wp\/v2\/media?parent=529"}],"curies":[{"name":"wp","href":"https:\/\/api.w.org\/{rel}","templated":true}]}}