{"id":487,"date":"2020-09-07T09:01:54","date_gmt":"2020-09-07T09:01:54","guid":{"rendered":"http:\/\/wpdemo.archiwp.com\/maxbizz\/?page_id=487"},"modified":"2024-12-17T15:00:39","modified_gmt":"2024-12-17T18:00:39","slug":"sobre-nos","status":"publish","type":"page","link":"https:\/\/devmarshal.eco.br\/pharmalife\/sobre-nos\/","title":{"rendered":"Sobre N\u00f3s"},"content":{"rendered":"\t\t<div data-elementor-type=\"wp-page\" data-elementor-id=\"487\" class=\"elementor elementor-487\">\n\t\t\t\t<div class=\"elementor-element elementor-element-26c6a8b e-flex e-con-boxed e-con e-parent\" data-id=\"26c6a8b\" data-element_type=\"container\" data-settings=\"{&quot;content_width&quot;:&quot;boxed&quot;}\" data-core-v316-plus=\"true\">\n\t\t\t\t\t<div class=\"e-con-inner\">\n\t\t\t\t<div class=\"elementor-element elementor-element-8353b7a elementor-widget elementor-widget-menu-anchor\" data-id=\"8353b7a\" data-element_type=\"widget\" data-widget_type=\"menu-anchor.default\">\n\t\t\t\t<div class=\"elementor-widget-container\">\n\t\t\t<style>\/*! elementor - v3.19.0 - 05-02-2024 *\/\nbody.elementor-page .elementor-widget-menu-anchor{margin-bottom:0}<\/style>\t\t<div id=\"SobreHist\" class=\"elementor-menu-anchor\"><\/div>\n\t\t\t\t<\/div>\n\t\t\t\t<\/div>\n\t\t\t\t<div class=\"elementor-element elementor-element-8dbbd57 elementor-widget elementor-widget-heading\" data-id=\"8dbbd57\" data-element_type=\"widget\" data-widget_type=\"heading.default\">\n\t\t\t\t<div class=\"elementor-widget-container\">\n\t\t\t<style>\/*! elementor - v3.19.0 - 05-02-2024 *\/\n.elementor-heading-title{padding:0;margin:0;line-height:1}.elementor-widget-heading .elementor-heading-title[class*=elementor-size-]>a{color:inherit;font-size:inherit;line-height:inherit}.elementor-widget-heading .elementor-heading-title.elementor-size-small{font-size:15px}.elementor-widget-heading .elementor-heading-title.elementor-size-medium{font-size:19px}.elementor-widget-heading .elementor-heading-title.elementor-size-large{font-size:29px}.elementor-widget-heading .elementor-heading-title.elementor-size-xl{font-size:39px}.elementor-widget-heading .elementor-heading-title.elementor-size-xxl{font-size:59px}<\/style><h2 class=\"elementor-heading-title elementor-size-default\">Nossa hist\u00f3ria<\/h2>\t\t<\/div>\n\t\t\t\t<\/div>\n\t\t\t\t<div class=\"elementor-element elementor-element-a2121e8 elementor-widget elementor-widget-text-editor\" data-id=\"a2121e8\" data-element_type=\"widget\" data-widget_type=\"text-editor.default\">\n\t\t\t\t<div class=\"elementor-widget-container\">\n\t\t\t<style>\/*! elementor - v3.19.0 - 05-02-2024 *\/\n.elementor-widget-text-editor.elementor-drop-cap-view-stacked .elementor-drop-cap{background-color:#69727d;color:#fff}.elementor-widget-text-editor.elementor-drop-cap-view-framed .elementor-drop-cap{color:#69727d;border:3px solid;background-color:transparent}.elementor-widget-text-editor:not(.elementor-drop-cap-view-default) .elementor-drop-cap{margin-top:8px}.elementor-widget-text-editor:not(.elementor-drop-cap-view-default) .elementor-drop-cap-letter{width:1em;height:1em}.elementor-widget-text-editor .elementor-drop-cap{float:left;text-align:center;line-height:1;font-size:50px}.elementor-widget-text-editor .elementor-drop-cap-letter{display:inline-block}<\/style>\t\t\t\t<p><span style=\"font-weight: 400;\">A Pharmalife surgiu de uma veterin\u00e1ria pesquisadora que queria trazer ao mercado produtos que fossem desenvolvidos atrav\u00e9s de pesquisas de alto n\u00edvel onde poderiam se diferenciar n\u00e3o s\u00f3 pela inova\u00e7\u00e3o das formula\u00e7\u00f5es, mas tamb\u00e9m atrav\u00e9s da qualidade e principalmente do n\u00edvel t\u00e9cnico dos produtos que poderiam ser oferecidos. <\/span><span style=\"font-weight: 400;\">Por ter forma\u00e7\u00e3o na \u00e1rea de sa\u00fade p\u00fablica e devido a maior identifica\u00e7\u00e3o com animais de pequeno porte a Pharmalife foi constru\u00edda para trazer ao mercado produtos diferenciados com alta tecnologia a um pre\u00e7o justo.\u00a0<\/span><\/p>\t\t\t\t\t\t<\/div>\n\t\t\t\t<\/div>\n\t\t\t\t<div class=\"elementor-element elementor-element-8a10ad9 elementor-widget elementor-widget-menu-anchor\" data-id=\"8a10ad9\" data-element_type=\"widget\" data-widget_type=\"menu-anchor.default\">\n\t\t\t\t<div class=\"elementor-widget-container\">\n\t\t\t\t\t<div id=\"SobrePropos\" class=\"elementor-menu-anchor\"><\/div>\n\t\t\t\t<\/div>\n\t\t\t\t<\/div>\n\t\t\t\t\t<\/div>\n\t\t\t\t<\/div>\n\t\t\t\t<section class=\"elementor-section elementor-top-section elementor-element elementor-element-b6d6c96 elementor-section-content-middle elementor-section-boxed elementor-section-height-default elementor-section-height-default\" data-id=\"b6d6c96\" data-element_type=\"section\">\n\t\t\t\t\t\t<div class=\"elementor-container elementor-column-gap-extended\">\n\t\t\t\t\t<div class=\"elementor-column elementor-col-50 elementor-top-column elementor-element elementor-element-ff36b79 ot-flex-column-vertical\" data-id=\"ff36b79\" data-element_type=\"column\">\n\t\t\t<div class=\"elementor-widget-wrap elementor-element-populated\">\n\t\t\t\t\t\t<div class=\"elementor-element elementor-element-593ec22 elementor-widget__width-initial elementor-invisible elementor-widget elementor-widget-image\" data-id=\"593ec22\" data-element_type=\"widget\" data-settings=\"{&quot;_animation&quot;:&quot;fadeInLeft&quot;}\" data-widget_type=\"image.default\">\n\t\t\t\t<div class=\"elementor-widget-container\">\n\t\t\t<style>\/*! elementor - v3.19.0 - 05-02-2024 *\/\n.elementor-widget-image{text-align:center}.elementor-widget-image a{display:inline-block}.elementor-widget-image a img[src$=\".svg\"]{width:48px}.elementor-widget-image img{vertical-align:middle;display:inline-block}<\/style>\t\t\t\t\t\t\t\t\t\t<img fetchpriority=\"high\" decoding=\"async\" width=\"2560\" height=\"1709\" src=\"https:\/\/devmarshal.eco.br\/pharmalife\/wp-content\/uploads\/2024\/02\/dreamstime_xxl_119764416-scaled.jpg\" class=\"attachment-full size-full wp-image-3250\" alt=\"\" srcset=\"https:\/\/devmarshal.eco.br\/pharmalife\/wp-content\/uploads\/2024\/02\/dreamstime_xxl_119764416-scaled.jpg 2560w, https:\/\/devmarshal.eco.br\/pharmalife\/wp-content\/uploads\/2024\/02\/dreamstime_xxl_119764416-300x200.jpg 300w, https:\/\/devmarshal.eco.br\/pharmalife\/wp-content\/uploads\/2024\/02\/dreamstime_xxl_119764416-1024x684.jpg 1024w, https:\/\/devmarshal.eco.br\/pharmalife\/wp-content\/uploads\/2024\/02\/dreamstime_xxl_119764416-768x513.jpg 768w, https:\/\/devmarshal.eco.br\/pharmalife\/wp-content\/uploads\/2024\/02\/dreamstime_xxl_119764416-1536x1025.jpg 1536w, https:\/\/devmarshal.eco.br\/pharmalife\/wp-content\/uploads\/2024\/02\/dreamstime_xxl_119764416-2048x1367.jpg 2048w, https:\/\/devmarshal.eco.br\/pharmalife\/wp-content\/uploads\/2024\/02\/dreamstime_xxl_119764416-600x401.jpg 600w\" sizes=\"(max-width: 2560px) 100vw, 2560px\" \/>\t\t\t\t\t\t\t\t\t\t\t\t\t<\/div>\n\t\t\t\t<\/div>\n\t\t\t\t\t<\/div>\n\t\t<\/div>\n\t\t\t\t<div class=\"elementor-column elementor-col-50 elementor-top-column elementor-element elementor-element-8991bc5 ot-flex-column-vertical\" data-id=\"8991bc5\" data-element_type=\"column\">\n\t\t\t<div class=\"elementor-widget-wrap elementor-element-populated\">\n\t\t\t\t\t\t<div class=\"elementor-element elementor-element-0ce3a1b elementor-invisible elementor-widget elementor-widget-iheading\" data-id=\"0ce3a1b\" data-element_type=\"widget\" data-settings=\"{&quot;_animation&quot;:&quot;fadeInRight&quot;}\" data-widget_type=\"iheading.default\">\n\t\t\t\t<div class=\"elementor-widget-container\">\n\t\t\t\t\t<div class=\"ot-heading\">\r\n\t        <span class=\"is_highlight\">Sobre a pharmalife<\/span>\t        <h5 class=\"main-head\">Nosso prop\u00f3sito<\/h5>\t    <\/div>\r\n\t    \t\t<\/div>\n\t\t\t\t<\/div>\n\t\t\t\t<div class=\"elementor-element elementor-element-20d2914 elementor-widget__width-initial elementor-invisible elementor-widget elementor-widget-text-editor\" data-id=\"20d2914\" data-element_type=\"widget\" data-settings=\"{&quot;_animation&quot;:&quot;fadeInRight&quot;}\" data-widget_type=\"text-editor.default\">\n\t\t\t\t<div class=\"elementor-widget-container\">\n\t\t\t\t\t\t\t<p><span style=\"font-weight: 400;\">A Pharmalife que veio trazer a mercado produtos inovadores, de excel\u00eancia e que sejam acess\u00edveis a todos.\u00a0 Durante o s\u00e9culo 21 diversos problemas de sa\u00fade surgiram em decorr\u00eancia das mudan\u00e7as clim\u00e1ticas, quest\u00f5es envolvendo a sustentabilidade ambiental, as doen\u00e7as zoon\u00f3ticas e as doen\u00e7as infecciosas reemergentes. Especialmente ap\u00f3s pandemia ficou evidente que a rela\u00e7\u00e3o entre animais, seres humanos e ambiente merece um cuidado especial. Face a isto, uma abordagem interdisciplinar com a\u00e7\u00f5es inovadoras \u00e9 necess\u00e1ria para prevenir e solucionar efetivamente estes problemas. Neste contexto nossos produtos foram cuidadosamente desenvolvidos, s\u00e3o frutos de pesquisas de alto n\u00edvel e tem efic\u00e1cia e seguran\u00e7a comprovada atrav\u00e9s de testes realizados e visam promover a sa\u00fade do animal, da popula\u00e7\u00e3o e do meio ambiente.<\/span><\/p>\t\t\t\t\t\t<\/div>\n\t\t\t\t<\/div>\n\t\t\t\t\t<\/div>\n\t\t<\/div>\n\t\t\t\t\t<\/div>\n\t\t<\/section>\n\t\t\t\t<section class=\"elementor-section elementor-top-section elementor-element elementor-element-b3fabfe elementor-section-content-middle elementor-section-boxed elementor-section-height-default elementor-section-height-default\" data-id=\"b3fabfe\" data-element_type=\"section\">\n\t\t\t\t\t\t<div class=\"elementor-container elementor-column-gap-extended\">\n\t\t\t\t\t<div class=\"elementor-column elementor-col-100 elementor-top-column elementor-element elementor-element-87da608 ot-flex-column-vertical\" data-id=\"87da608\" data-element_type=\"column\">\n\t\t\t<div class=\"elementor-widget-wrap elementor-element-populated\">\n\t\t\t\t\t\t<div class=\"elementor-element elementor-element-2a8d3a1 elementor-invisible elementor-widget elementor-widget-heading\" data-id=\"2a8d3a1\" data-element_type=\"widget\" data-settings=\"{&quot;_animation&quot;:&quot;slideInUp&quot;}\" data-widget_type=\"heading.default\">\n\t\t\t\t<div class=\"elementor-widget-container\">\n\t\t\t<h2 class=\"elementor-heading-title elementor-size-default\">Os nossos pilares:<\/h2>\t\t<\/div>\n\t\t\t\t<\/div>\n\t\t\t\t<section class=\"elementor-section elementor-inner-section elementor-element elementor-element-bc31d93 elementor-section-full_width elementor-section-height-default elementor-section-height-default\" data-id=\"bc31d93\" data-element_type=\"section\">\n\t\t\t\t\t\t<div class=\"elementor-container elementor-column-gap-no\">\n\t\t\t\t\t<div class=\"elementor-column elementor-col-33 elementor-inner-column elementor-element elementor-element-ed6dd79 ot-flex-column-vertical\" data-id=\"ed6dd79\" data-element_type=\"column\">\n\t\t\t<div class=\"elementor-widget-wrap elementor-element-populated\">\n\t\t\t\t\t\t<div class=\"elementor-element elementor-element-af3b1a2 elementor-widget__width-initial e-transform elementor-widget elementor-widget-image\" data-id=\"af3b1a2\" data-element_type=\"widget\" data-settings=\"{&quot;_transform_rotateZ_effect_hover&quot;:{&quot;unit&quot;:&quot;px&quot;,&quot;size&quot;:360,&quot;sizes&quot;:[]},&quot;_transform_rotateZ_effect_hover_tablet&quot;:{&quot;unit&quot;:&quot;deg&quot;,&quot;size&quot;:&quot;&quot;,&quot;sizes&quot;:[]},&quot;_transform_rotateZ_effect_hover_mobile&quot;:{&quot;unit&quot;:&quot;deg&quot;,&quot;size&quot;:&quot;&quot;,&quot;sizes&quot;:[]}}\" data-widget_type=\"image.default\">\n\t\t\t\t<div class=\"elementor-widget-container\">\n\t\t\t\t\t\t\t\t\t\t\t\t\t<img decoding=\"async\" width=\"209\" height=\"209\" src=\"https:\/\/devmarshal.eco.br\/pharmalife\/wp-content\/uploads\/2024\/04\/PETS.jpg\" class=\"attachment-large size-large wp-image-3405\" alt=\"\" srcset=\"https:\/\/devmarshal.eco.br\/pharmalife\/wp-content\/uploads\/2024\/04\/PETS.jpg 209w, https:\/\/devmarshal.eco.br\/pharmalife\/wp-content\/uploads\/2024\/04\/PETS-150x150.jpg 150w, https:\/\/devmarshal.eco.br\/pharmalife\/wp-content\/uploads\/2024\/04\/PETS-100x100.jpg 100w\" sizes=\"(max-width: 209px) 100vw, 209px\" \/>\t\t\t\t\t\t\t\t\t\t\t\t\t<\/div>\n\t\t\t\t<\/div>\n\t\t\t\t<div class=\"elementor-element elementor-element-f5ee721 elementor-widget elementor-widget-heading\" data-id=\"f5ee721\" data-element_type=\"widget\" data-widget_type=\"heading.default\">\n\t\t\t\t<div class=\"elementor-widget-container\">\n\t\t\t<h3 class=\"elementor-heading-title elementor-size-default\">Pets<\/h3>\t\t<\/div>\n\t\t\t\t<\/div>\n\t\t\t\t\t<\/div>\n\t\t<\/div>\n\t\t\t\t<div class=\"elementor-column elementor-col-33 elementor-inner-column elementor-element elementor-element-5981b01 ot-flex-column-vertical\" data-id=\"5981b01\" data-element_type=\"column\">\n\t\t\t<div class=\"elementor-widget-wrap elementor-element-populated\">\n\t\t\t\t\t\t<div class=\"elementor-element elementor-element-0dd085e elementor-widget__width-initial e-transform elementor-widget elementor-widget-image\" data-id=\"0dd085e\" data-element_type=\"widget\" data-settings=\"{&quot;_transform_rotateZ_effect_hover&quot;:{&quot;unit&quot;:&quot;px&quot;,&quot;size&quot;:360,&quot;sizes&quot;:[]},&quot;_transform_rotateZ_effect_hover_tablet&quot;:{&quot;unit&quot;:&quot;deg&quot;,&quot;size&quot;:&quot;&quot;,&quot;sizes&quot;:[]},&quot;_transform_rotateZ_effect_hover_mobile&quot;:{&quot;unit&quot;:&quot;deg&quot;,&quot;size&quot;:&quot;&quot;,&quot;sizes&quot;:[]}}\" data-widget_type=\"image.default\">\n\t\t\t\t<div class=\"elementor-widget-container\">\n\t\t\t\t\t\t\t\t\t\t\t\t\t<img decoding=\"async\" width=\"314\" height=\"313\" src=\"https:\/\/devmarshal.eco.br\/pharmalife\/wp-content\/uploads\/2024\/04\/Pessoas-1.jpg\" class=\"attachment-large size-large wp-image-3408\" alt=\"\" srcset=\"https:\/\/devmarshal.eco.br\/pharmalife\/wp-content\/uploads\/2024\/04\/Pessoas-1.jpg 314w, https:\/\/devmarshal.eco.br\/pharmalife\/wp-content\/uploads\/2024\/04\/Pessoas-1-300x300.jpg 300w, https:\/\/devmarshal.eco.br\/pharmalife\/wp-content\/uploads\/2024\/04\/Pessoas-1-150x150.jpg 150w, https:\/\/devmarshal.eco.br\/pharmalife\/wp-content\/uploads\/2024\/04\/Pessoas-1-100x100.jpg 100w\" sizes=\"(max-width: 314px) 100vw, 314px\" \/>\t\t\t\t\t\t\t\t\t\t\t\t\t<\/div>\n\t\t\t\t<\/div>\n\t\t\t\t<div class=\"elementor-element elementor-element-8baa423 elementor-widget elementor-widget-heading\" data-id=\"8baa423\" data-element_type=\"widget\" data-widget_type=\"heading.default\">\n\t\t\t\t<div class=\"elementor-widget-container\">\n\t\t\t<h3 class=\"elementor-heading-title elementor-size-default\">Pessoas<\/h3>\t\t<\/div>\n\t\t\t\t<\/div>\n\t\t\t\t\t<\/div>\n\t\t<\/div>\n\t\t\t\t<div class=\"elementor-column elementor-col-33 elementor-inner-column elementor-element elementor-element-d63116c ot-column-items-center ot-flex-column-vertical\" data-id=\"d63116c\" data-element_type=\"column\">\n\t\t\t<div class=\"elementor-widget-wrap elementor-element-populated\">\n\t\t\t\t\t\t<div class=\"elementor-element elementor-element-176692a elementor-widget__width-initial e-transform elementor-widget elementor-widget-image\" data-id=\"176692a\" data-element_type=\"widget\" data-settings=\"{&quot;_transform_rotateZ_effect_hover&quot;:{&quot;unit&quot;:&quot;px&quot;,&quot;size&quot;:360,&quot;sizes&quot;:[]},&quot;_transform_rotateZ_effect_hover_tablet&quot;:{&quot;unit&quot;:&quot;deg&quot;,&quot;size&quot;:&quot;&quot;,&quot;sizes&quot;:[]},&quot;_transform_rotateZ_effect_hover_mobile&quot;:{&quot;unit&quot;:&quot;deg&quot;,&quot;size&quot;:&quot;&quot;,&quot;sizes&quot;:[]}}\" data-widget_type=\"image.default\">\n\t\t\t\t<div class=\"elementor-widget-container\">\n\t\t\t\t\t\t\t\t\t\t\t\t\t<img loading=\"lazy\" decoding=\"async\" width=\"209\" height=\"209\" src=\"https:\/\/devmarshal.eco.br\/pharmalife\/wp-content\/uploads\/2024\/04\/Mundo.png\" class=\"attachment-large size-large wp-image-3401\" alt=\"\" srcset=\"https:\/\/devmarshal.eco.br\/pharmalife\/wp-content\/uploads\/2024\/04\/Mundo.png 209w, https:\/\/devmarshal.eco.br\/pharmalife\/wp-content\/uploads\/2024\/04\/Mundo-150x150.png 150w, https:\/\/devmarshal.eco.br\/pharmalife\/wp-content\/uploads\/2024\/04\/Mundo-100x100.png 100w\" sizes=\"(max-width: 209px) 100vw, 209px\" \/>\t\t\t\t\t\t\t\t\t\t\t\t\t<\/div>\n\t\t\t\t<\/div>\n\t\t\t\t<div class=\"elementor-element elementor-element-5089e97 elementor-widget elementor-widget-heading\" data-id=\"5089e97\" data-element_type=\"widget\" data-widget_type=\"heading.default\">\n\t\t\t\t<div class=\"elementor-widget-container\">\n\t\t\t<h3 class=\"elementor-heading-title elementor-size-default\">Mundo<\/h3>\t\t<\/div>\n\t\t\t\t<\/div>\n\t\t\t\t\t<\/div>\n\t\t<\/div>\n\t\t\t\t\t<\/div>\n\t\t<\/section>\n\t\t\t\t\t<\/div>\n\t\t<\/div>\n\t\t\t\t\t<\/div>\n\t\t<\/section>\n\t\t<div class=\"elementor-element elementor-element-8d826de e-flex e-con-boxed e-con e-parent\" data-id=\"8d826de\" data-element_type=\"container\" data-settings=\"{&quot;content_width&quot;:&quot;boxed&quot;}\" data-core-v316-plus=\"true\">\n\t\t\t\t\t<div class=\"e-con-inner\">\n\t\t\t\t<div class=\"elementor-element elementor-element-d8cc55c elementor-widget elementor-widget-menu-anchor\" data-id=\"d8cc55c\" data-element_type=\"widget\" data-widget_type=\"menu-anchor.default\">\n\t\t\t\t<div class=\"elementor-widget-container\">\n\t\t\t\t\t<div id=\"SobreMissao\" class=\"elementor-menu-anchor\"><\/div>\n\t\t\t\t<\/div>\n\t\t\t\t<\/div>\n\t\t\t\t\t<\/div>\n\t\t\t\t<\/div>\n\t\t<div class=\"elementor-element elementor-element-2ee5956 e-flex e-con-boxed e-con e-parent\" data-id=\"2ee5956\" data-element_type=\"container\" data-settings=\"{&quot;content_width&quot;:&quot;boxed&quot;}\" data-core-v316-plus=\"true\">\n\t\t\t\t\t<div class=\"e-con-inner\">\n\t\t\t\t<div class=\"elementor-element elementor-element-318540e elementor-invisible elementor-widget elementor-widget-heading\" data-id=\"318540e\" data-element_type=\"widget\" data-settings=\"{&quot;_animation&quot;:&quot;slideInUp&quot;}\" data-widget_type=\"heading.default\">\n\t\t\t\t<div class=\"elementor-widget-container\">\n\t\t\t<h2 class=\"elementor-heading-title elementor-size-default\">Nossa Dire\u00e7\u00e3o e Compromissos<\/h2>\t\t<\/div>\n\t\t\t\t<\/div>\n\t\t\t\t\t<\/div>\n\t\t\t\t<\/div>\n\t\t<div class=\"elementor-element elementor-element-4491860 e-flex e-con-boxed e-con e-parent\" data-id=\"4491860\" data-element_type=\"container\" data-settings=\"{&quot;content_width&quot;:&quot;boxed&quot;}\" data-core-v316-plus=\"true\">\n\t\t\t\t\t<div class=\"e-con-inner\">\n\t\t\t\t<div class=\"elementor-element elementor-element-83db9ae elementor-widget elementor-widget-image\" data-id=\"83db9ae\" data-element_type=\"widget\" data-widget_type=\"image.default\">\n\t\t\t\t<div class=\"elementor-widget-container\">\n\t\t\t\t\t\t\t\t\t\t\t\t\t<img loading=\"lazy\" decoding=\"async\" width=\"735\" height=\"1002\" src=\"https:\/\/devmarshal.eco.br\/pharmalife\/wp-content\/uploads\/2024\/08\/Missao.svg\" class=\"attachment-medium_large size-medium_large wp-image-3589\" alt=\"\" \/>\t\t\t\t\t\t\t\t\t\t\t\t\t<\/div>\n\t\t\t\t<\/div>\n\t\t\t\t<div class=\"elementor-element elementor-element-401f7a8 elementor-widget elementor-widget-text-editor\" data-id=\"401f7a8\" data-element_type=\"widget\" data-widget_type=\"text-editor.default\">\n\t\t\t\t<div class=\"elementor-widget-container\">\n\t\t\t\t\t\t\t<p style=\"text-align: left;\"><b>Desenvolver produtos inovadores, diferenciados em tecnologia e qualidade que permitam trazer avan\u00e7os significativos para sa\u00fade animal e um impacto positivo na vida das pessoas.<\/b><\/p><p>\u00a0<\/p>\t\t\t\t\t\t<\/div>\n\t\t\t\t<\/div>\n\t\t\t\t\t<\/div>\n\t\t\t\t<\/div>\n\t\t<div class=\"elementor-element elementor-element-4ddb8de e-flex e-con-boxed e-con e-parent\" data-id=\"4ddb8de\" data-element_type=\"container\" data-settings=\"{&quot;content_width&quot;:&quot;boxed&quot;}\" data-core-v316-plus=\"true\">\n\t\t\t\t\t<div class=\"e-con-inner\">\n\t\t\t\t<div class=\"elementor-element elementor-element-ff2398b elementor-widget elementor-widget-menu-anchor\" data-id=\"ff2398b\" data-element_type=\"widget\" data-widget_type=\"menu-anchor.default\">\n\t\t\t\t<div class=\"elementor-widget-container\">\n\t\t\t\t\t<div id=\"SobreVisao\" class=\"elementor-menu-anchor\"><\/div>\n\t\t\t\t<\/div>\n\t\t\t\t<\/div>\n\t\t\t\t\t<\/div>\n\t\t\t\t<\/div>\n\t\t<div class=\"elementor-element elementor-element-624a9f7 e-flex e-con-boxed e-con e-parent\" data-id=\"624a9f7\" data-element_type=\"container\" data-settings=\"{&quot;content_width&quot;:&quot;boxed&quot;}\" data-core-v316-plus=\"true\">\n\t\t\t\t\t<div class=\"e-con-inner\">\n\t\t\t\t<div class=\"elementor-element elementor-element-e87c13c elementor-widget elementor-widget-image\" data-id=\"e87c13c\" data-element_type=\"widget\" data-widget_type=\"image.default\">\n\t\t\t\t<div class=\"elementor-widget-container\">\n\t\t\t\t\t\t\t\t\t\t\t\t\t<img loading=\"lazy\" decoding=\"async\" width=\"735\" height=\"1001\" src=\"https:\/\/devmarshal.eco.br\/pharmalife\/wp-content\/uploads\/2024\/08\/Visao.svg\" class=\"attachment-large size-large wp-image-3588\" alt=\"\" \/>\t\t\t\t\t\t\t\t\t\t\t\t\t<\/div>\n\t\t\t\t<\/div>\n\t\t\t\t<div class=\"elementor-element elementor-element-e2064ff elementor-widget elementor-widget-text-editor\" data-id=\"e2064ff\" data-element_type=\"widget\" data-widget_type=\"text-editor.default\">\n\t\t\t\t<div class=\"elementor-widget-container\">\n\t\t\t\t\t\t\t<p><b>Se tornar refer\u00eancia em produtos inovadores, de excel\u00eancia a um pre\u00e7o justo. Atuar de forma integrada promovendo a sa\u00fade e o bem-estar animal, das pessoas e contribuir para um futuro melhor e um mundo mais sustent\u00e1vel.<\/b><\/p><p>\u00a0<\/p>\t\t\t\t\t\t<\/div>\n\t\t\t\t<\/div>\n\t\t\t\t\t<\/div>\n\t\t\t\t<\/div>\n\t\t<div class=\"elementor-element elementor-element-9482d77 e-flex e-con-boxed e-con e-parent\" data-id=\"9482d77\" data-element_type=\"container\" data-settings=\"{&quot;content_width&quot;:&quot;boxed&quot;}\" data-core-v316-plus=\"true\">\n\t\t\t\t\t<div class=\"e-con-inner\">\n\t\t\t\t<div class=\"elementor-element elementor-element-b7b8495 elementor-widget elementor-widget-menu-anchor\" data-id=\"b7b8495\" data-element_type=\"widget\" data-widget_type=\"menu-anchor.default\">\n\t\t\t\t<div class=\"elementor-widget-container\">\n\t\t\t\t\t<div id=\"SobreValores\" class=\"elementor-menu-anchor\"><\/div>\n\t\t\t\t<\/div>\n\t\t\t\t<\/div>\n\t\t\t\t\t<\/div>\n\t\t\t\t<\/div>\n\t\t<div class=\"elementor-element elementor-element-fd3a176 e-flex e-con-boxed e-con e-parent\" data-id=\"fd3a176\" data-element_type=\"container\" data-settings=\"{&quot;content_width&quot;:&quot;boxed&quot;}\" data-core-v316-plus=\"true\">\n\t\t\t\t\t<div class=\"e-con-inner\">\n\t\t\t\t<div class=\"elementor-element elementor-element-33eb8bf elementor-widget elementor-widget-image\" data-id=\"33eb8bf\" data-element_type=\"widget\" data-widget_type=\"image.default\">\n\t\t\t\t<div class=\"elementor-widget-container\">\n\t\t\t\t\t\t\t\t\t\t\t\t\t<img loading=\"lazy\" decoding=\"async\" width=\"735\" height=\"1001\" src=\"https:\/\/devmarshal.eco.br\/pharmalife\/wp-content\/uploads\/2024\/08\/Valores.svg\" class=\"attachment-large size-large wp-image-3587\" alt=\"\" \/>\t\t\t\t\t\t\t\t\t\t\t\t\t<\/div>\n\t\t\t\t<\/div>\n\t\t\t\t<div class=\"elementor-element elementor-element-326726a elementor-widget elementor-widget-text-editor\" data-id=\"326726a\" data-element_type=\"widget\" data-widget_type=\"text-editor.default\">\n\t\t\t\t<div class=\"elementor-widget-container\">\n\t\t\t\t\t\t\t<p>\u2013\u00a0<b>Excel\u00eancia:<\/b> solu\u00e7\u00f5es que contam com tecnologias de ponta para resultados superiores.<\/p><p>\u2013\u00a0<b>Inova\u00e7\u00e3o:<\/b>\u00a0produtos diferenciados e inteligentes.<\/p><p>\u2013\u00a0<b>Valoriza\u00e7\u00e3o:<\/b>\u00a0dos tutores, m\u00e9dicos veterin\u00e1rios e colaboradores.<\/p><p>\u2013\u00a0<b>Educa\u00e7\u00e3o cont\u00ednua:<\/b>\u00a0gerando valor atrav\u00e9s do conhecimento.<\/p><p>\u2013\u00a0<b>Confian\u00e7a:<\/b>\u00a0comprometimento total com o cliente e parceiros.<\/p><p>\u2013\u00a0<b>Honestidade e integridade:<\/b>\u00a0s\u00e3o princ\u00edpios inegoci\u00e1veis que regem nossa empresa.<\/p><p>\u2013\u00a0<b>Solidariedade e compaix\u00e3o:\u00a0<\/b>trabalhar para ajudar os menos favorecidos.<\/p><p>\u2013\u00a0<b>Inclus\u00e3o social:<\/b>\u00a0produtos excelentes acess\u00edveis a toda sociedade.<\/p><p>\u2013\u00a0<b>Sustentabilidade:<\/b>\u00a0atuar preservando o meio ambiente e os recursos naturais.<\/p>\t\t\t\t\t\t<\/div>\n\t\t\t\t<\/div>\n\t\t\t\t\t<\/div>\n\t\t\t\t<\/div>\n\t\t\t\t<\/div>\n\t\t","protected":false},"excerpt":{"rendered":"<p>Nossa hist\u00f3ria A Pharmalife surgiu de uma veterin\u00e1ria pesquisadora que queria trazer ao mercado produtos que fossem desenvolvidos atrav\u00e9s de pesquisas de alto n\u00edvel onde poderiam se diferenciar n\u00e3o s\u00f3 pela inova\u00e7\u00e3o das formula\u00e7\u00f5es, mas tamb\u00e9m atrav\u00e9s da qualidade e principalmente do n\u00edvel t\u00e9cnico dos produtos que poderiam ser oferecidos. Por ter forma\u00e7\u00e3o na \u00e1rea [&hellip;]<\/p>\n","protected":false},"author":1,"featured_media":0,"parent":0,"menu_order":0,"comment_status":"closed","ping_status":"closed","template":"","meta":{"_joinchat":[],"footnotes":""},"class_list":["post-487","page","type-page","status-publish","hentry"],"_links":{"self":[{"href":"https:\/\/devmarshal.eco.br\/pharmalife\/wp-json\/wp\/v2\/pages\/487","targetHints":{"allow":["GET"]}}],"collection":[{"href":"https:\/\/devmarshal.eco.br\/pharmalife\/wp-json\/wp\/v2\/pages"}],"about":[{"href":"https:\/\/devmarshal.eco.br\/pharmalife\/wp-json\/wp\/v2\/types\/page"}],"author":[{"embeddable":true,"href":"https:\/\/devmarshal.eco.br\/pharmalife\/wp-json\/wp\/v2\/users\/1"}],"replies":[{"embeddable":true,"href":"https:\/\/devmarshal.eco.br\/pharmalife\/wp-json\/wp\/v2\/comments?post=487"}],"version-history":[{"count":179,"href":"https:\/\/devmarshal.eco.br\/pharmalife\/wp-json\/wp\/v2\/pages\/487\/revisions"}],"predecessor-version":[{"id":3975,"href":"https:\/\/devmarshal.eco.br\/pharmalife\/wp-json\/wp\/v2\/pages\/487\/revisions\/3975"}],"wp:attachment":[{"href":"https:\/\/devmarshal.eco.br\/pharmalife\/wp-json\/wp\/v2\/media?parent=487"}],"curies":[{"name":"wp","href":"https:\/\/api.w.org\/{rel}","templated":true}]}}