{"id":3908,"date":"2024-12-16T08:21:38","date_gmt":"2024-12-16T11:21:38","guid":{"rendered":"https:\/\/devmarshal.eco.br\/pharmalife\/?page_id=3908"},"modified":"2025-01-28T18:46:28","modified_gmt":"2025-01-28T21:46:28","slug":"pet-air-spray-para-o-ambiente","status":"publish","type":"page","link":"https:\/\/devmarshal.eco.br\/pharmalife\/pet-air-spray-para-o-ambiente\/","title":{"rendered":"Pet Air &#8211; Spray para o ambiente"},"content":{"rendered":"\t\t<div data-elementor-type=\"wp-page\" data-elementor-id=\"3908\" class=\"elementor elementor-3908\">\n\t\t\t\t<div class=\"elementor-element elementor-element-835cd77 e-flex e-con-boxed e-con e-parent\" data-id=\"835cd77\" data-element_type=\"container\" data-settings=\"{&quot;background_background&quot;:&quot;classic&quot;,&quot;content_width&quot;:&quot;boxed&quot;}\" data-core-v316-plus=\"true\">\n\t\t\t\t\t<div class=\"e-con-inner\">\n\t\t<div class=\"elementor-element elementor-element-40e46b2 e-con-full e-flex e-con e-child\" data-id=\"40e46b2\" data-element_type=\"container\" data-settings=\"{&quot;content_width&quot;:&quot;full&quot;,&quot;background_background&quot;:&quot;classic&quot;}\">\n\t\t\t\t<div class=\"elementor-element elementor-element-e7b6929 elementor-widget elementor-widget-text-editor\" data-id=\"e7b6929\" data-element_type=\"widget\" data-widget_type=\"text-editor.default\">\n\t\t\t\t<div class=\"elementor-widget-container\">\n\t\t\t<style>\/*! elementor - v3.19.0 - 05-02-2024 *\/\n.elementor-widget-text-editor.elementor-drop-cap-view-stacked .elementor-drop-cap{background-color:#69727d;color:#fff}.elementor-widget-text-editor.elementor-drop-cap-view-framed .elementor-drop-cap{color:#69727d;border:3px solid;background-color:transparent}.elementor-widget-text-editor:not(.elementor-drop-cap-view-default) .elementor-drop-cap{margin-top:8px}.elementor-widget-text-editor:not(.elementor-drop-cap-view-default) .elementor-drop-cap-letter{width:1em;height:1em}.elementor-widget-text-editor .elementor-drop-cap{float:left;text-align:center;line-height:1;font-size:50px}.elementor-widget-text-editor .elementor-drop-cap-letter{display:inline-block}<\/style>\t\t\t\t<p>Pet Air \u00e9 um produto eficaz que age rapidamente neutralizando o mau odor espalhando no ar uma fragr\u00e2ncia suave que traz uma sensa\u00e7\u00e3o de conforto e relaxamento promovendo um ambiente agrad\u00e1vel e perfumado.<\/p>\t\t\t\t\t\t<\/div>\n\t\t\t\t<\/div>\n\t\t\t\t<\/div>\n\t\t\t\t\t<\/div>\n\t\t\t\t<\/div>\n\t\t<div class=\"elementor-element elementor-element-a2e016c e-flex e-con-boxed e-con e-parent\" data-id=\"a2e016c\" data-element_type=\"container\" data-settings=\"{&quot;background_background&quot;:&quot;classic&quot;,&quot;content_width&quot;:&quot;boxed&quot;}\" data-core-v316-plus=\"true\">\n\t\t\t\t\t<div class=\"e-con-inner\">\n\t\t<div class=\"elementor-element elementor-element-12aedf4 e-con-full e-flex e-con e-child\" data-id=\"12aedf4\" data-element_type=\"container\" data-settings=\"{&quot;content_width&quot;:&quot;full&quot;,&quot;background_background&quot;:&quot;classic&quot;}\">\n\t\t\t\t<div class=\"elementor-element elementor-element-a9b25e3 elementor-widget elementor-widget-text-editor\" data-id=\"a9b25e3\" data-element_type=\"widget\" data-widget_type=\"text-editor.default\">\n\t\t\t\t<div class=\"elementor-widget-container\">\n\t\t\t\t\t\t\t<p>Pet Air \u00e9 um eliminador de odores eficiente que age rapidamente neutralizando as part\u00edculas de mal odor espalhando no ar uma fragr\u00e2ncia suave e c\u00edtrica que traz um sopro de frescor que remete a natureza promovendo um ambiente perfumado e revigorante.<\/p>\t\t\t\t\t\t<\/div>\n\t\t\t\t<\/div>\n\t\t\t\t<\/div>\n\t\t\t\t\t<\/div>\n\t\t\t\t<\/div>\n\t\t<div class=\"elementor-element elementor-element-ff3bd01 elementor-hidden-desktop elementor-hidden-tablet elementor-hidden-mobile e-flex e-con-boxed e-con e-parent\" data-id=\"ff3bd01\" data-element_type=\"container\" data-settings=\"{&quot;content_width&quot;:&quot;boxed&quot;}\" data-core-v316-plus=\"true\">\n\t\t\t\t\t<div class=\"e-con-inner\">\n\t\t<div class=\"elementor-element elementor-element-a86ee00 e-flex e-con-boxed e-con e-child\" data-id=\"a86ee00\" data-element_type=\"container\" data-settings=\"{&quot;content_width&quot;:&quot;boxed&quot;}\">\n\t\t\t\t\t<div class=\"e-con-inner\">\n\t\t\t\t<div class=\"elementor-element elementor-element-ee3069a elementor-widget elementor-widget-heading\" data-id=\"ee3069a\" data-element_type=\"widget\" data-widget_type=\"heading.default\">\n\t\t\t\t<div class=\"elementor-widget-container\">\n\t\t\t<style>\/*! elementor - v3.19.0 - 05-02-2024 *\/\n.elementor-heading-title{padding:0;margin:0;line-height:1}.elementor-widget-heading .elementor-heading-title[class*=elementor-size-]>a{color:inherit;font-size:inherit;line-height:inherit}.elementor-widget-heading .elementor-heading-title.elementor-size-small{font-size:15px}.elementor-widget-heading .elementor-heading-title.elementor-size-medium{font-size:19px}.elementor-widget-heading .elementor-heading-title.elementor-size-large{font-size:29px}.elementor-widget-heading .elementor-heading-title.elementor-size-xl{font-size:39px}.elementor-widget-heading .elementor-heading-title.elementor-size-xxl{font-size:59px}<\/style><h2 class=\"elementor-heading-title elementor-size-default\">Spray eliminador de maus odores para o ambiente<\/h2>\t\t<\/div>\n\t\t\t\t<\/div>\n\t\t\t\t<div class=\"elementor-element elementor-element-8f2e659 elementor-widget elementor-widget-text-editor\" data-id=\"8f2e659\" data-element_type=\"widget\" data-widget_type=\"text-editor.default\">\n\t\t\t\t<div class=\"elementor-widget-container\">\n\t\t\t\t\t\t\t<p>O Pet Air da Pharmalife \u00e9 um desodorizador natural, seguro e biodegrad\u00e1vel, que elimina odores e proporciona conforto e bem-estar para pets e pessoas.<\/p>\t\t\t\t\t\t<\/div>\n\t\t\t\t<\/div>\n\t\t\t\t\t<\/div>\n\t\t\t\t<\/div>\n\t\t\t\t\t<\/div>\n\t\t\t\t<\/div>\n\t\t<div class=\"elementor-element elementor-element-e226d20 e-flex e-con-boxed e-con e-parent\" data-id=\"e226d20\" data-element_type=\"container\" data-settings=\"{&quot;background_background&quot;:&quot;classic&quot;,&quot;content_width&quot;:&quot;boxed&quot;}\" data-core-v316-plus=\"true\">\n\t\t\t\t\t<div class=\"e-con-inner\">\n\t\t<div class=\"elementor-element elementor-element-979fc74 e-flex e-con-boxed e-con e-child\" data-id=\"979fc74\" data-element_type=\"container\" data-settings=\"{&quot;content_width&quot;:&quot;boxed&quot;}\">\n\t\t\t\t\t<div class=\"e-con-inner\">\n\t\t\t\t<div class=\"elementor-element elementor-element-7c4a74a elementor-widget elementor-widget-heading\" data-id=\"7c4a74a\" data-element_type=\"widget\" data-widget_type=\"heading.default\">\n\t\t\t\t<div class=\"elementor-widget-container\">\n\t\t\t<h2 class=\"elementor-heading-title elementor-size-default\">DESCRI\u00c7\u00c3O DO PRODUTO<\/h2>\t\t<\/div>\n\t\t\t\t<\/div>\n\t\t\t\t<div class=\"elementor-element elementor-element-2184f84 elementor-widget elementor-widget-text-editor\" data-id=\"2184f84\" data-element_type=\"widget\" data-widget_type=\"text-editor.default\">\n\t\t\t\t<div class=\"elementor-widget-container\">\n\t\t\t\t\t\t\t<p>O Pet Air da Pharmalife \u00e9 capaz de melhorar a qualidade de qualquer ambiente onde convivem c\u00e3es, gatos e pessoas. Este desodorizador ambiental elaborado com ingredientes vegetais, biodeagrad\u00e1veis elimina maus odores do ambiente de forma natural e segura. Suas fragr\u00e2ncias inspiradas na natureza foram cuidadosamente selecionadas e s\u00e3o capazes de proporcionarem v\u00e1rias experi\u00eancias sensoriais, como conforto, tranquilidade, bem estar e leveza aos animais e as pessoas. Desenvolvido especialmente pensando nos Pet\u00b4s cujo olfato \u00e9 mais sens\u00edvel e necessita de uma solu\u00e7\u00e3o diferenciada que respeita suas caracter\u00edsticas n\u00e3o causando nenhum inc\u00f4modo.<\/p>\t\t\t\t\t\t<\/div>\n\t\t\t\t<\/div>\n\t\t\t\t\t<\/div>\n\t\t\t\t<\/div>\n\t\t<div class=\"elementor-element elementor-element-17789b7 e-flex e-con-boxed e-con e-child\" data-id=\"17789b7\" data-element_type=\"container\" data-settings=\"{&quot;content_width&quot;:&quot;boxed&quot;}\">\n\t\t\t\t\t<div class=\"e-con-inner\">\n\t\t\t\t<div class=\"elementor-element elementor-element-38d0b6b elementor-widget elementor-widget-image\" data-id=\"38d0b6b\" data-element_type=\"widget\" data-widget_type=\"image.default\">\n\t\t\t\t<div class=\"elementor-widget-container\">\n\t\t\t<style>\/*! elementor - v3.19.0 - 05-02-2024 *\/\n.elementor-widget-image{text-align:center}.elementor-widget-image a{display:inline-block}.elementor-widget-image a img[src$=\".svg\"]{width:48px}.elementor-widget-image img{vertical-align:middle;display:inline-block}<\/style>\t\t\t\t\t\t\t\t\t\t<img fetchpriority=\"high\" decoding=\"async\" width=\"250\" height=\"250\" src=\"https:\/\/devmarshal.eco.br\/pharmalife\/wp-content\/uploads\/2024\/12\/Group-9.png\" class=\"attachment-full size-full wp-image-4028\" alt=\"\" srcset=\"https:\/\/devmarshal.eco.br\/pharmalife\/wp-content\/uploads\/2024\/12\/Group-9.png 250w, https:\/\/devmarshal.eco.br\/pharmalife\/wp-content\/uploads\/2024\/12\/Group-9-150x150.png 150w, https:\/\/devmarshal.eco.br\/pharmalife\/wp-content\/uploads\/2024\/12\/Group-9-100x100.png 100w\" sizes=\"(max-width: 250px) 100vw, 250px\" \/>\t\t\t\t\t\t\t\t\t\t\t\t\t<\/div>\n\t\t\t\t<\/div>\n\t\t\t\t<div class=\"elementor-element elementor-element-3a74015 elementor-widget elementor-widget-image\" data-id=\"3a74015\" data-element_type=\"widget\" data-widget_type=\"image.default\">\n\t\t\t\t<div class=\"elementor-widget-container\">\n\t\t\t\t\t\t\t\t\t\t\t\t\t<img decoding=\"async\" width=\"250\" height=\"250\" src=\"https:\/\/devmarshal.eco.br\/pharmalife\/wp-content\/uploads\/2024\/08\/Frame-3.webp\" class=\"attachment-large size-large wp-image-3886\" alt=\"\" srcset=\"https:\/\/devmarshal.eco.br\/pharmalife\/wp-content\/uploads\/2024\/08\/Frame-3.webp 250w, https:\/\/devmarshal.eco.br\/pharmalife\/wp-content\/uploads\/2024\/08\/Frame-3-150x150.webp 150w, https:\/\/devmarshal.eco.br\/pharmalife\/wp-content\/uploads\/2024\/08\/Frame-3-100x100.webp 100w\" sizes=\"(max-width: 250px) 100vw, 250px\" \/>\t\t\t\t\t\t\t\t\t\t\t\t\t<\/div>\n\t\t\t\t<\/div>\n\t\t\t\t<div class=\"elementor-element elementor-element-a6178ca elementor-widget elementor-widget-text-editor\" data-id=\"a6178ca\" data-element_type=\"widget\" data-widget_type=\"text-editor.default\">\n\t\t\t\t<div class=\"elementor-widget-container\">\n\t\t\t\t\t\t\t<p>DeoPlex\u2122\u2013 A tecnologia\u00a0<em>Eco-friendly\u00a0<\/em>para eliminar odores<\/p>\t\t\t\t\t\t<\/div>\n\t\t\t\t<\/div>\n\t\t\t\t\t<\/div>\n\t\t\t\t<\/div>\n\t\t\t\t\t<\/div>\n\t\t\t\t<\/div>\n\t\t<div class=\"elementor-element elementor-element-099d4da e-flex e-con-boxed e-con e-parent\" data-id=\"099d4da\" data-element_type=\"container\" data-settings=\"{&quot;background_background&quot;:&quot;classic&quot;,&quot;content_width&quot;:&quot;boxed&quot;}\" data-core-v316-plus=\"true\">\n\t\t\t\t\t<div class=\"e-con-inner\">\n\t\t<div class=\"elementor-element elementor-element-3a2822a e-flex e-con-boxed e-con e-child\" data-id=\"3a2822a\" data-element_type=\"container\" data-settings=\"{&quot;content_width&quot;:&quot;boxed&quot;}\">\n\t\t\t\t\t<div class=\"e-con-inner\">\n\t\t\t\t<div class=\"elementor-element elementor-element-6db2ab9 elementor-widget elementor-widget-text-editor\" data-id=\"6db2ab9\" data-element_type=\"widget\" data-widget_type=\"text-editor.default\">\n\t\t\t\t<div class=\"elementor-widget-container\">\n\t\t\t\t\t\t\t<p>O Pet Air conta com uma tecnologia avan\u00e7ada para neutralizar odores, formulado com um bioativo capaz de transformar as mol\u00e9culas causadoras de mau cheiro em subst\u00e2ncias inodoras. Este bioativo \u00e9 o DeoPlex\u2122, um potente neutralizador de odor n\u00e3o-t\u00f3xico que \u00e9 produzido a partir de um processo de fermenta\u00e7\u00e3o natural da cana-de-a\u00e7\u00facar (devido a isso org\u00e2nico), no qual s\u00e3o produzidas uma s\u00e9rie de enzimas que s\u00e3o comprovadamente eficazes no combate de odores e redu\u00e7\u00e3o do mau cheiro. As principais enzimas produzidas s\u00e3o: deesterases, hidrolases, oxidases e redutases, juntas elas formam um poderoso complexo que age eliminando os maus odores atrav\u00e9s da fixa\u00e7\u00e3o das mol\u00e9culas de sua composi\u00e7\u00e3o nas mol\u00e9culas de mau odor neutralizando-as.<\/p>\t\t\t\t\t\t<\/div>\n\t\t\t\t<\/div>\n\t\t\t\t\t<\/div>\n\t\t\t\t<\/div>\n\t\t<div class=\"elementor-element elementor-element-c301686 e-flex e-con-boxed e-con e-child\" data-id=\"c301686\" data-element_type=\"container\" data-settings=\"{&quot;content_width&quot;:&quot;boxed&quot;}\">\n\t\t\t\t\t<div class=\"e-con-inner\">\n\t\t\t\t<div class=\"elementor-element elementor-element-96f0be7 elementor-widget elementor-widget-image\" data-id=\"96f0be7\" data-element_type=\"widget\" data-widget_type=\"image.default\">\n\t\t\t\t<div class=\"elementor-widget-container\">\n\t\t\t\t\t\t\t\t\t\t\t\t\t<img decoding=\"async\" width=\"250\" height=\"250\" src=\"https:\/\/devmarshal.eco.br\/pharmalife\/wp-content\/uploads\/2024\/08\/Frame-1.webp\" class=\"attachment-large size-large wp-image-3888\" alt=\"\" srcset=\"https:\/\/devmarshal.eco.br\/pharmalife\/wp-content\/uploads\/2024\/08\/Frame-1.webp 250w, https:\/\/devmarshal.eco.br\/pharmalife\/wp-content\/uploads\/2024\/08\/Frame-1-150x150.webp 150w, https:\/\/devmarshal.eco.br\/pharmalife\/wp-content\/uploads\/2024\/08\/Frame-1-100x100.webp 100w\" sizes=\"(max-width: 250px) 100vw, 250px\" \/>\t\t\t\t\t\t\t\t\t\t\t\t\t<\/div>\n\t\t\t\t<\/div>\n\t\t\t\t<div class=\"elementor-element elementor-element-80b44ba elementor-widget elementor-widget-text-editor\" data-id=\"80b44ba\" data-element_type=\"widget\" data-widget_type=\"text-editor.default\">\n\t\t\t\t<div class=\"elementor-widget-container\">\n\t\t\t\t\t\t\t<p>Com ingredientes de origem vegetal sendo seguros para utiliza\u00e7\u00e3o em ambientes onde os pets convivem. Produzido com um rigoroso controle de qualidade, os eliminadores de odores Pet Air s\u00e3o eficazes, seguros e criam para um ambiente mais confort\u00e1vel, cheiroso e livre de maus odores.<\/p>\t\t\t\t\t\t<\/div>\n\t\t\t\t<\/div>\n\t\t\t\t\t<\/div>\n\t\t\t\t<\/div>\n\t\t\t\t\t<\/div>\n\t\t\t\t<\/div>\n\t\t<div class=\"elementor-element elementor-element-69e2004 e-flex e-con-boxed e-con e-parent\" data-id=\"69e2004\" data-element_type=\"container\" data-settings=\"{&quot;background_background&quot;:&quot;classic&quot;,&quot;content_width&quot;:&quot;boxed&quot;}\" data-core-v316-plus=\"true\">\n\t\t\t\t\t<div class=\"e-con-inner\">\n\t\t<div class=\"elementor-element elementor-element-1cae8f8 e-flex e-con-boxed e-con e-child\" data-id=\"1cae8f8\" data-element_type=\"container\" data-settings=\"{&quot;content_width&quot;:&quot;boxed&quot;}\">\n\t\t\t\t\t<div class=\"e-con-inner\">\n\t\t\t\t<div class=\"elementor-element elementor-element-92b75dc elementor-widget elementor-widget-heading\" data-id=\"92b75dc\" data-element_type=\"widget\" data-widget_type=\"heading.default\">\n\t\t\t\t<div class=\"elementor-widget-container\">\n\t\t\t<h2 class=\"elementor-heading-title elementor-size-default\">VERS\u00d5ES DO PRODUTO<\/h2>\t\t<\/div>\n\t\t\t\t<\/div>\n\t\t\t\t<div class=\"elementor-element elementor-element-d7f754b elementor-widget elementor-widget-text-editor\" data-id=\"d7f754b\" data-element_type=\"widget\" data-widget_type=\"text-editor.default\">\n\t\t\t\t<div class=\"elementor-widget-container\">\n\t\t\t\t\t\t\t<p><strong>BRISA LEVE:<\/strong> Esta fragr\u00e2ncia de ar fresco se espalha pelos ambientes, trazendo a sensa\u00e7\u00e3o de conforto e relaxamento. Al\u00e9m de eliminar e prevenir os maus odores promove um ambiente perfumado, agrad\u00e1vel e com aquela sensa\u00e7\u00e3o de limpeza e frescor.<\/p>\t\t\t\t\t\t<\/div>\n\t\t\t\t<\/div>\n\t\t\t\t\t<\/div>\n\t\t\t\t<\/div>\n\t\t<div class=\"elementor-element elementor-element-79cc527 e-flex e-con-boxed e-con e-child\" data-id=\"79cc527\" data-element_type=\"container\" data-settings=\"{&quot;content_width&quot;:&quot;boxed&quot;}\">\n\t\t\t\t\t<div class=\"e-con-inner\">\n\t\t\t\t<div class=\"elementor-element elementor-element-6ddc118 elementor-widget elementor-widget-image\" data-id=\"6ddc118\" data-element_type=\"widget\" data-widget_type=\"image.default\">\n\t\t\t\t<div class=\"elementor-widget-container\">\n\t\t\t\t\t\t\t\t\t\t\t\t\t<img loading=\"lazy\" decoding=\"async\" width=\"250\" height=\"250\" src=\"https:\/\/devmarshal.eco.br\/pharmalife\/wp-content\/uploads\/2024\/08\/Frame-5.webp\" class=\"attachment-large size-large wp-image-3889\" alt=\"\" srcset=\"https:\/\/devmarshal.eco.br\/pharmalife\/wp-content\/uploads\/2024\/08\/Frame-5.webp 250w, https:\/\/devmarshal.eco.br\/pharmalife\/wp-content\/uploads\/2024\/08\/Frame-5-150x150.webp 150w, https:\/\/devmarshal.eco.br\/pharmalife\/wp-content\/uploads\/2024\/08\/Frame-5-100x100.webp 100w\" sizes=\"(max-width: 250px) 100vw, 250px\" \/>\t\t\t\t\t\t\t\t\t\t\t\t\t<\/div>\n\t\t\t\t<\/div>\n\t\t\t\t\t<\/div>\n\t\t\t\t<\/div>\n\t\t\t\t\t<\/div>\n\t\t\t\t<\/div>\n\t\t<div class=\"elementor-element elementor-element-5fcdac6 e-flex e-con-boxed e-con e-parent\" data-id=\"5fcdac6\" data-element_type=\"container\" data-settings=\"{&quot;background_background&quot;:&quot;classic&quot;,&quot;content_width&quot;:&quot;boxed&quot;}\" data-core-v316-plus=\"true\">\n\t\t\t\t\t<div class=\"e-con-inner\">\n\t\t<div class=\"elementor-element elementor-element-948e733 e-flex e-con-boxed e-con e-child\" data-id=\"948e733\" data-element_type=\"container\" data-settings=\"{&quot;content_width&quot;:&quot;boxed&quot;}\">\n\t\t\t\t\t<div class=\"e-con-inner\">\n\t\t\t\t<div class=\"elementor-element elementor-element-9636327 elementor-widget elementor-widget-text-editor\" data-id=\"9636327\" data-element_type=\"widget\" data-widget_type=\"text-editor.default\">\n\t\t\t\t<div class=\"elementor-widget-container\">\n\t\t\t\t\t\t\t<p><strong>CAPIM LIM\u00c3O:<\/strong> esta fragr\u00e2ncia c\u00edtrica traz um sopro de frescor remetendo a natureza promovendo um ambiente perfumado e revigorante. Al\u00e9m de eliminar os maus odores remete a tranquilidade e alivia o stress.<\/p>\t\t\t\t\t\t<\/div>\n\t\t\t\t<\/div>\n\t\t\t\t\t<\/div>\n\t\t\t\t<\/div>\n\t\t<div class=\"elementor-element elementor-element-3d32ef2 e-flex e-con-boxed e-con e-child\" data-id=\"3d32ef2\" data-element_type=\"container\" data-settings=\"{&quot;content_width&quot;:&quot;boxed&quot;}\">\n\t\t\t\t\t<div class=\"e-con-inner\">\n\t\t\t\t<div class=\"elementor-element elementor-element-4b4bffc elementor-widget elementor-widget-image\" data-id=\"4b4bffc\" data-element_type=\"widget\" data-widget_type=\"image.default\">\n\t\t\t\t<div class=\"elementor-widget-container\">\n\t\t\t\t\t\t\t\t\t\t\t\t\t<img loading=\"lazy\" decoding=\"async\" width=\"250\" height=\"250\" src=\"https:\/\/devmarshal.eco.br\/pharmalife\/wp-content\/uploads\/2024\/08\/Frame-2.webp\" class=\"attachment-large size-large wp-image-3890\" alt=\"\" srcset=\"https:\/\/devmarshal.eco.br\/pharmalife\/wp-content\/uploads\/2024\/08\/Frame-2.webp 250w, https:\/\/devmarshal.eco.br\/pharmalife\/wp-content\/uploads\/2024\/08\/Frame-2-150x150.webp 150w, https:\/\/devmarshal.eco.br\/pharmalife\/wp-content\/uploads\/2024\/08\/Frame-2-100x100.webp 100w\" sizes=\"(max-width: 250px) 100vw, 250px\" \/>\t\t\t\t\t\t\t\t\t\t\t\t\t<\/div>\n\t\t\t\t<\/div>\n\t\t\t\t\t<\/div>\n\t\t\t\t<\/div>\n\t\t\t\t\t<\/div>\n\t\t\t\t<\/div>\n\t\t\t\t<\/div>\n\t\t","protected":false},"excerpt":{"rendered":"<p>Pet Air \u00e9 um produto eficaz que age rapidamente neutralizando o mau odor espalhando no ar uma fragr\u00e2ncia suave que traz uma sensa\u00e7\u00e3o de conforto e relaxamento promovendo um ambiente agrad\u00e1vel e perfumado. Pet Air \u00e9 um eliminador de odores eficiente que age rapidamente neutralizando as part\u00edculas de mal odor espalhando no ar uma fragr\u00e2ncia [&hellip;]<\/p>\n","protected":false},"author":1,"featured_media":0,"parent":0,"menu_order":0,"comment_status":"closed","ping_status":"closed","template":"elementor_header_footer","meta":{"_joinchat":[],"footnotes":""},"class_list":["post-3908","page","type-page","status-publish","hentry"],"_links":{"self":[{"href":"https:\/\/devmarshal.eco.br\/pharmalife\/wp-json\/wp\/v2\/pages\/3908","targetHints":{"allow":["GET"]}}],"collection":[{"href":"https:\/\/devmarshal.eco.br\/pharmalife\/wp-json\/wp\/v2\/pages"}],"about":[{"href":"https:\/\/devmarshal.eco.br\/pharmalife\/wp-json\/wp\/v2\/types\/page"}],"author":[{"embeddable":true,"href":"https:\/\/devmarshal.eco.br\/pharmalife\/wp-json\/wp\/v2\/users\/1"}],"replies":[{"embeddable":true,"href":"https:\/\/devmarshal.eco.br\/pharmalife\/wp-json\/wp\/v2\/comments?post=3908"}],"version-history":[{"count":86,"href":"https:\/\/devmarshal.eco.br\/pharmalife\/wp-json\/wp\/v2\/pages\/3908\/revisions"}],"predecessor-version":[{"id":4153,"href":"https:\/\/devmarshal.eco.br\/pharmalife\/wp-json\/wp\/v2\/pages\/3908\/revisions\/4153"}],"wp:attachment":[{"href":"https:\/\/devmarshal.eco.br\/pharmalife\/wp-json\/wp\/v2\/media?parent=3908"}],"curies":[{"name":"wp","href":"https:\/\/api.w.org\/{rel}","templated":true}]}}