{"id":3516,"date":"2024-08-09T19:21:04","date_gmt":"2024-08-09T22:21:04","guid":{"rendered":"https:\/\/devmarshal.eco.br\/pharmalife\/?page_id=3516"},"modified":"2024-12-19T10:24:38","modified_gmt":"2024-12-19T13:24:38","slug":"apoio","status":"publish","type":"page","link":"https:\/\/devmarshal.eco.br\/pharmalife\/apoio\/","title":{"rendered":"Apoio"},"content":{"rendered":"\t\t<div data-elementor-type=\"wp-page\" data-elementor-id=\"3516\" class=\"elementor elementor-3516\">\n\t\t\t\t<div class=\"elementor-element elementor-element-57fb05d e-flex e-con-boxed e-con e-parent\" data-id=\"57fb05d\" data-element_type=\"container\" data-settings=\"{&quot;content_width&quot;:&quot;boxed&quot;}\" data-core-v316-plus=\"true\">\n\t\t\t\t\t<div class=\"e-con-inner\">\n\t\t\t\t<div class=\"elementor-element elementor-element-eba8847 elementor-widget elementor-widget-menu-anchor\" data-id=\"eba8847\" data-element_type=\"widget\" data-widget_type=\"menu-anchor.default\">\n\t\t\t\t<div class=\"elementor-widget-container\">\n\t\t\t<style>\/*! elementor - v3.19.0 - 05-02-2024 *\/\nbody.elementor-page .elementor-widget-menu-anchor{margin-bottom:0}<\/style>\t\t<div id=\"SobreHist\" class=\"elementor-menu-anchor\"><\/div>\n\t\t\t\t<\/div>\n\t\t\t\t<\/div>\n\t\t\t\t<div class=\"elementor-element elementor-element-e756f1c elementor-widget elementor-widget-heading\" data-id=\"e756f1c\" data-element_type=\"widget\" data-widget_type=\"heading.default\">\n\t\t\t\t<div class=\"elementor-widget-container\">\n\t\t\t<style>\/*! elementor - v3.19.0 - 05-02-2024 *\/\n.elementor-heading-title{padding:0;margin:0;line-height:1}.elementor-widget-heading .elementor-heading-title[class*=elementor-size-]>a{color:inherit;font-size:inherit;line-height:inherit}.elementor-widget-heading .elementor-heading-title.elementor-size-small{font-size:15px}.elementor-widget-heading .elementor-heading-title.elementor-size-medium{font-size:19px}.elementor-widget-heading .elementor-heading-title.elementor-size-large{font-size:29px}.elementor-widget-heading .elementor-heading-title.elementor-size-xl{font-size:39px}.elementor-widget-heading .elementor-heading-title.elementor-size-xxl{font-size:59px}<\/style><h2 class=\"elementor-heading-title elementor-size-default\">APOIO<\/h2>\t\t<\/div>\n\t\t\t\t<\/div>\n\t\t\t\t<div class=\"elementor-element elementor-element-251c40c elementor-widget elementor-widget-menu-anchor\" data-id=\"251c40c\" data-element_type=\"widget\" data-widget_type=\"menu-anchor.default\">\n\t\t\t\t<div class=\"elementor-widget-container\">\n\t\t\t\t\t<div id=\"SobreHist\" class=\"elementor-menu-anchor\"><\/div>\n\t\t\t\t<\/div>\n\t\t\t\t<\/div>\n\t\t\t\t\t<\/div>\n\t\t\t\t<\/div>\n\t\t<div class=\"elementor-element elementor-element-7ef328a e-flex e-con-boxed e-con e-parent\" data-id=\"7ef328a\" data-element_type=\"container\" data-settings=\"{&quot;content_width&quot;:&quot;boxed&quot;}\" data-core-v316-plus=\"true\">\n\t\t\t\t\t<div class=\"e-con-inner\">\n\t\t<div class=\"elementor-element elementor-element-2075d9c e-con-full e-flex e-con e-child\" data-id=\"2075d9c\" data-element_type=\"container\" data-settings=\"{&quot;content_width&quot;:&quot;full&quot;}\">\n\t\t<div class=\"elementor-element elementor-element-05e244a e-con-full e-flex e-con e-child\" data-id=\"05e244a\" data-element_type=\"container\" data-settings=\"{&quot;content_width&quot;:&quot;full&quot;}\">\n\t\t\t\t<div class=\"elementor-element elementor-element-629a198 elementor-widget elementor-widget-image\" data-id=\"629a198\" data-element_type=\"widget\" data-widget_type=\"image.default\">\n\t\t\t\t<div class=\"elementor-widget-container\">\n\t\t\t<style>\/*! elementor - v3.19.0 - 05-02-2024 *\/\n.elementor-widget-image{text-align:center}.elementor-widget-image a{display:inline-block}.elementor-widget-image a img[src$=\".svg\"]{width:48px}.elementor-widget-image img{vertical-align:middle;display:inline-block}<\/style>\t\t\t\t\t\t\t\t\t\t<img fetchpriority=\"high\" decoding=\"async\" width=\"355\" height=\"142\" src=\"https:\/\/devmarshal.eco.br\/pharmalife\/wp-content\/uploads\/2024\/08\/ABS.webp\" class=\"attachment-large size-large wp-image-3548\" alt=\"\" srcset=\"https:\/\/devmarshal.eco.br\/pharmalife\/wp-content\/uploads\/2024\/08\/ABS.webp 355w, https:\/\/devmarshal.eco.br\/pharmalife\/wp-content\/uploads\/2024\/08\/ABS-300x120.webp 300w\" sizes=\"(max-width: 355px) 100vw, 355px\" \/>\t\t\t\t\t\t\t\t\t\t\t\t\t<\/div>\n\t\t\t\t<\/div>\n\t\t\t\t<\/div>\n\t\t\t\t<\/div>\n\t\t<div class=\"elementor-element elementor-element-87bb2fb e-con-full e-flex e-con e-child\" data-id=\"87bb2fb\" data-element_type=\"container\" data-settings=\"{&quot;content_width&quot;:&quot;full&quot;}\">\n\t\t<div class=\"elementor-element elementor-element-ce1374b e-con-full e-flex e-con e-child\" data-id=\"ce1374b\" data-element_type=\"container\" data-settings=\"{&quot;content_width&quot;:&quot;full&quot;}\">\n\t\t\t\t<div class=\"elementor-element elementor-element-60b6b95 elementor-widget elementor-widget-image\" data-id=\"60b6b95\" data-element_type=\"widget\" data-widget_type=\"image.default\">\n\t\t\t\t<div class=\"elementor-widget-container\">\n\t\t\t\t\t\t\t\t\t\t\t\t\t<img decoding=\"async\" width=\"322\" height=\"156\" src=\"https:\/\/devmarshal.eco.br\/pharmalife\/wp-content\/uploads\/2024\/08\/SEBRAE.webp\" class=\"attachment-large size-large wp-image-3549\" alt=\"\" srcset=\"https:\/\/devmarshal.eco.br\/pharmalife\/wp-content\/uploads\/2024\/08\/SEBRAE.webp 322w, https:\/\/devmarshal.eco.br\/pharmalife\/wp-content\/uploads\/2024\/08\/SEBRAE-300x145.webp 300w\" sizes=\"(max-width: 322px) 100vw, 322px\" \/>\t\t\t\t\t\t\t\t\t\t\t\t\t<\/div>\n\t\t\t\t<\/div>\n\t\t\t\t<\/div>\n\t\t\t\t<\/div>\n\t\t<div class=\"elementor-element elementor-element-2656a10 e-con-full e-flex e-con e-child\" data-id=\"2656a10\" data-element_type=\"container\" data-settings=\"{&quot;content_width&quot;:&quot;full&quot;}\">\n\t\t\t\t<div class=\"elementor-element elementor-element-b5f4e2f elementor-widget elementor-widget-text-editor\" data-id=\"b5f4e2f\" data-element_type=\"widget\" data-widget_type=\"text-editor.default\">\n\t\t\t\t<div class=\"elementor-widget-container\">\n\t\t\t<style>\/*! elementor - v3.19.0 - 05-02-2024 *\/\n.elementor-widget-text-editor.elementor-drop-cap-view-stacked .elementor-drop-cap{background-color:#69727d;color:#fff}.elementor-widget-text-editor.elementor-drop-cap-view-framed .elementor-drop-cap{color:#69727d;border:3px solid;background-color:transparent}.elementor-widget-text-editor:not(.elementor-drop-cap-view-default) .elementor-drop-cap{margin-top:8px}.elementor-widget-text-editor:not(.elementor-drop-cap-view-default) .elementor-drop-cap-letter{width:1em;height:1em}.elementor-widget-text-editor .elementor-drop-cap{float:left;text-align:center;line-height:1;font-size:50px}.elementor-widget-text-editor .elementor-drop-cap-letter{display:inline-block}<\/style>\t\t\t\t<p>A Pharmalife faz parte do prestigiado programa ABStartup do Sebrae, um dos melhores programas de acelera\u00e7\u00e3o do pa\u00eds.<\/p>\t\t\t\t\t\t<\/div>\n\t\t\t\t<\/div>\n\t\t\t\t<\/div>\n\t\t\t\t\t<\/div>\n\t\t\t\t<\/div>\n\t\t<div class=\"elementor-element elementor-element-12b2b97 e-flex e-con-boxed e-con e-parent\" data-id=\"12b2b97\" data-element_type=\"container\" data-settings=\"{&quot;content_width&quot;:&quot;boxed&quot;}\" data-core-v316-plus=\"true\">\n\t\t\t\t\t<div class=\"e-con-inner\">\n\t\t<div class=\"elementor-element elementor-element-e6213d6 e-con-full e-flex e-con e-child\" data-id=\"e6213d6\" data-element_type=\"container\" data-settings=\"{&quot;content_width&quot;:&quot;full&quot;}\">\n\t\t<div class=\"elementor-element elementor-element-02e26be e-con-full e-flex e-con e-child\" data-id=\"02e26be\" data-element_type=\"container\" data-settings=\"{&quot;content_width&quot;:&quot;full&quot;}\">\n\t\t\t\t<div class=\"elementor-element elementor-element-bc2c800 elementor-widget elementor-widget-image\" data-id=\"bc2c800\" data-element_type=\"widget\" data-widget_type=\"image.default\">\n\t\t\t\t<div class=\"elementor-widget-container\">\n\t\t\t\t\t\t\t\t\t\t\t\t\t<img decoding=\"async\" width=\"300\" height=\"139\" src=\"https:\/\/devmarshal.eco.br\/pharmalife\/wp-content\/uploads\/2024\/08\/HUBIZ-300x139.webp\" class=\"attachment-medium size-medium wp-image-3550\" alt=\"\" srcset=\"https:\/\/devmarshal.eco.br\/pharmalife\/wp-content\/uploads\/2024\/08\/HUBIZ-300x139.webp 300w, https:\/\/devmarshal.eco.br\/pharmalife\/wp-content\/uploads\/2024\/08\/HUBIZ-600x277.webp 600w, https:\/\/devmarshal.eco.br\/pharmalife\/wp-content\/uploads\/2024\/08\/HUBIZ.webp 762w\" sizes=\"(max-width: 300px) 100vw, 300px\" \/>\t\t\t\t\t\t\t\t\t\t\t\t\t<\/div>\n\t\t\t\t<\/div>\n\t\t\t\t<\/div>\n\t\t\t\t<\/div>\n\t\t<div class=\"elementor-element elementor-element-33e7bb5 e-con-full e-flex e-con e-child\" data-id=\"33e7bb5\" data-element_type=\"container\" data-settings=\"{&quot;content_width&quot;:&quot;full&quot;}\">\n\t\t<div class=\"elementor-element elementor-element-49355fc e-con-full e-flex e-con e-child\" data-id=\"49355fc\" data-element_type=\"container\" data-settings=\"{&quot;content_width&quot;:&quot;full&quot;}\">\n\t\t\t\t<div class=\"elementor-element elementor-element-d6e27e0 elementor-widget elementor-widget-image\" data-id=\"d6e27e0\" data-element_type=\"widget\" data-widget_type=\"image.default\">\n\t\t\t\t<div class=\"elementor-widget-container\">\n\t\t\t\t\t\t\t\t\t\t\t\t\t<img loading=\"lazy\" decoding=\"async\" width=\"329\" height=\"153\" src=\"https:\/\/devmarshal.eco.br\/pharmalife\/wp-content\/uploads\/2024\/08\/PARQUETECNOLOGICO.webp\" class=\"attachment-large size-large wp-image-3551\" alt=\"\" srcset=\"https:\/\/devmarshal.eco.br\/pharmalife\/wp-content\/uploads\/2024\/08\/PARQUETECNOLOGICO.webp 329w, https:\/\/devmarshal.eco.br\/pharmalife\/wp-content\/uploads\/2024\/08\/PARQUETECNOLOGICO-300x140.webp 300w\" sizes=\"(max-width: 329px) 100vw, 329px\" \/>\t\t\t\t\t\t\t\t\t\t\t\t\t<\/div>\n\t\t\t\t<\/div>\n\t\t\t\t<\/div>\n\t\t\t\t<\/div>\n\t\t<div class=\"elementor-element elementor-element-d0f04e7 e-con-full e-flex e-con e-child\" data-id=\"d0f04e7\" data-element_type=\"container\" data-settings=\"{&quot;content_width&quot;:&quot;full&quot;}\">\n\t\t\t\t<div class=\"elementor-element elementor-element-9121e86 elementor-widget elementor-widget-text-editor\" data-id=\"9121e86\" data-element_type=\"widget\" data-widget_type=\"text-editor.default\">\n\t\t\t\t<div class=\"elementor-widget-container\">\n\t\t\t\t\t\t\t<p>A Pharmalife \u00e9 uma empresa filiada a aceleradora HUBIZ localizada no Parque Tecnol\u00f3gico de Sorocaba estando assim conectada ao maior e melhor Centro de Pesquisa, Desenvolvimento e Inova\u00e7\u00e3o da regi\u00e3o de Sorocaba.\u00a0<\/p>\t\t\t\t\t\t<\/div>\n\t\t\t\t<\/div>\n\t\t\t\t<\/div>\n\t\t\t\t\t<\/div>\n\t\t\t\t<\/div>\n\t\t\t\t<\/div>\n\t\t","protected":false},"excerpt":{"rendered":"<p>APOIO A Pharmalife faz parte do prestigiado programa ABStartup do Sebrae, um dos melhores programas de acelera\u00e7\u00e3o do pa\u00eds. A Pharmalife \u00e9 uma empresa filiada a aceleradora HUBIZ localizada no Parque Tecnol\u00f3gico de Sorocaba estando assim conectada ao maior e melhor Centro de Pesquisa, Desenvolvimento e Inova\u00e7\u00e3o da regi\u00e3o de Sorocaba.<\/p>\n","protected":false},"author":1,"featured_media":0,"parent":0,"menu_order":0,"comment_status":"closed","ping_status":"closed","template":"","meta":{"_joinchat":[],"footnotes":""},"class_list":["post-3516","page","type-page","status-publish","hentry"],"_links":{"self":[{"href":"https:\/\/devmarshal.eco.br\/pharmalife\/wp-json\/wp\/v2\/pages\/3516","targetHints":{"allow":["GET"]}}],"collection":[{"href":"https:\/\/devmarshal.eco.br\/pharmalife\/wp-json\/wp\/v2\/pages"}],"about":[{"href":"https:\/\/devmarshal.eco.br\/pharmalife\/wp-json\/wp\/v2\/types\/page"}],"author":[{"embeddable":true,"href":"https:\/\/devmarshal.eco.br\/pharmalife\/wp-json\/wp\/v2\/users\/1"}],"replies":[{"embeddable":true,"href":"https:\/\/devmarshal.eco.br\/pharmalife\/wp-json\/wp\/v2\/comments?post=3516"}],"version-history":[{"count":23,"href":"https:\/\/devmarshal.eco.br\/pharmalife\/wp-json\/wp\/v2\/pages\/3516\/revisions"}],"predecessor-version":[{"id":4125,"href":"https:\/\/devmarshal.eco.br\/pharmalife\/wp-json\/wp\/v2\/pages\/3516\/revisions\/4125"}],"wp:attachment":[{"href":"https:\/\/devmarshal.eco.br\/pharmalife\/wp-json\/wp\/v2\/media?parent=3516"}],"curies":[{"name":"wp","href":"https:\/\/api.w.org\/{rel}","templated":true}]}}