{"id":3222,"date":"2024-02-07T16:12:02","date_gmt":"2024-02-07T19:12:02","guid":{"rendered":"https:\/\/devmarshal.eco.br\/pharmalife\/?page_id=3222"},"modified":"2024-12-19T15:01:38","modified_gmt":"2024-12-19T18:01:38","slug":"ongs","status":"publish","type":"page","link":"https:\/\/devmarshal.eco.br\/pharmalife\/ongs\/","title":{"rendered":"Responsabilidade"},"content":{"rendered":"\t\t<div data-elementor-type=\"wp-page\" data-elementor-id=\"3222\" class=\"elementor elementor-3222\">\n\t\t\t\t<div class=\"elementor-element elementor-element-8e637c0 e-flex e-con-boxed e-con e-parent\" data-id=\"8e637c0\" data-element_type=\"container\" data-settings=\"{&quot;content_width&quot;:&quot;boxed&quot;}\" data-core-v316-plus=\"true\">\n\t\t\t\t\t<div class=\"e-con-inner\">\n\t\t\t\t<div class=\"elementor-element elementor-element-9cbd34e elementor-widget elementor-widget-menu-anchor\" data-id=\"9cbd34e\" data-element_type=\"widget\" data-widget_type=\"menu-anchor.default\">\n\t\t\t\t<div class=\"elementor-widget-container\">\n\t\t\t<style>\/*! elementor - v3.19.0 - 05-02-2024 *\/\nbody.elementor-page .elementor-widget-menu-anchor{margin-bottom:0}<\/style>\t\t<div id=\"RespSoc\" class=\"elementor-menu-anchor\"><\/div>\n\t\t\t\t<\/div>\n\t\t\t\t<\/div>\n\t\t<div class=\"elementor-element elementor-element-6ccacca e-flex e-con-boxed e-con e-child\" data-id=\"6ccacca\" data-element_type=\"container\" data-settings=\"{&quot;content_width&quot;:&quot;boxed&quot;}\">\n\t\t\t\t\t<div class=\"e-con-inner\">\n\t\t\t\t<div class=\"elementor-element elementor-element-fe8300e elementor-invisible elementor-widget elementor-widget-heading\" data-id=\"fe8300e\" data-element_type=\"widget\" data-settings=\"{&quot;_animation&quot;:&quot;fadeInRight&quot;}\" data-widget_type=\"heading.default\">\n\t\t\t\t<div class=\"elementor-widget-container\">\n\t\t\t<style>\/*! elementor - v3.19.0 - 05-02-2024 *\/\n.elementor-heading-title{padding:0;margin:0;line-height:1}.elementor-widget-heading .elementor-heading-title[class*=elementor-size-]>a{color:inherit;font-size:inherit;line-height:inherit}.elementor-widget-heading .elementor-heading-title.elementor-size-small{font-size:15px}.elementor-widget-heading .elementor-heading-title.elementor-size-medium{font-size:19px}.elementor-widget-heading .elementor-heading-title.elementor-size-large{font-size:29px}.elementor-widget-heading .elementor-heading-title.elementor-size-xl{font-size:39px}.elementor-widget-heading .elementor-heading-title.elementor-size-xxl{font-size:59px}<\/style><h3 class=\"elementor-heading-title elementor-size-default\">RESPONSABILIDADE SOCIAL<\/h3>\t\t<\/div>\n\t\t\t\t<\/div>\n\t\t\t\t\t<\/div>\n\t\t\t\t<\/div>\n\t\t<div class=\"elementor-element elementor-element-ae0e565 e-flex e-con-boxed elementor-invisible e-con e-child\" data-id=\"ae0e565\" data-element_type=\"container\" data-settings=\"{&quot;animation&quot;:&quot;fadeInRight&quot;,&quot;content_width&quot;:&quot;boxed&quot;}\">\n\t\t\t\t\t<div class=\"e-con-inner\">\n\t\t\t\t<div class=\"elementor-element elementor-element-4130ca3 elementor-invisible elementor-widget elementor-widget-heading\" data-id=\"4130ca3\" data-element_type=\"widget\" data-settings=\"{&quot;_animation&quot;:&quot;fadeInRight&quot;}\" data-widget_type=\"heading.default\">\n\t\t\t\t<div class=\"elementor-widget-container\">\n\t\t\t<h3 class=\"elementor-heading-title elementor-size-default\">APOIO A INSTITUI\u00c7\u00d5ES<\/h3>\t\t<\/div>\n\t\t\t\t<\/div>\n\t\t\t\t<div class=\"elementor-element elementor-element-958dd4f elementor-invisible elementor-widget elementor-widget-text-editor\" data-id=\"958dd4f\" data-element_type=\"widget\" data-settings=\"{&quot;_animation&quot;:&quot;fadeInLeft&quot;}\" data-widget_type=\"text-editor.default\">\n\t\t\t\t<div class=\"elementor-widget-container\">\n\t\t\t<style>\/*! elementor - v3.19.0 - 05-02-2024 *\/\n.elementor-widget-text-editor.elementor-drop-cap-view-stacked .elementor-drop-cap{background-color:#69727d;color:#fff}.elementor-widget-text-editor.elementor-drop-cap-view-framed .elementor-drop-cap{color:#69727d;border:3px solid;background-color:transparent}.elementor-widget-text-editor:not(.elementor-drop-cap-view-default) .elementor-drop-cap{margin-top:8px}.elementor-widget-text-editor:not(.elementor-drop-cap-view-default) .elementor-drop-cap-letter{width:1em;height:1em}.elementor-widget-text-editor .elementor-drop-cap{float:left;text-align:center;line-height:1;font-size:50px}.elementor-widget-text-editor .elementor-drop-cap-letter{display:inline-block}<\/style>\t\t\t\t<p><span style=\"vertical-align: inherit;\"><span style=\"vertical-align: inherit;\">Existem mais de <span style=\"color: #ad8940;\"><strong>30 milh\u00f5es<\/strong><\/span> de c\u00e3es e gatos abandonados nas ruas do pa\u00eds, segundo a OMS. Para ajudar a dar um futuro digno a eles, auxiliamos duas ONG&#8217;s parceiras atrav\u00e9s de doa\u00e7\u00f5es, sejam de produtos ou financeiras. Ou seja:<\/span><\/span><\/p><p><strong><span style=\"vertical-align: inherit;\"><span style=\"vertical-align: inherit;\">Quando voc\u00ea adquire um produto Pharmalife voc\u00ea contribui com o cuidado e devido tratamento de animais abandonados.<\/span><\/span><\/strong><\/p>\t\t\t\t\t\t<\/div>\n\t\t\t\t<\/div>\n\t\t\t\t<div class=\"elementor-element elementor-element-a80c209 elementor-invisible elementor-widget elementor-widget-image\" data-id=\"a80c209\" data-element_type=\"widget\" data-settings=\"{&quot;_animation&quot;:&quot;fadeInLeft&quot;}\" data-widget_type=\"image.default\">\n\t\t\t\t<div class=\"elementor-widget-container\">\n\t\t\t<style>\/*! elementor - v3.19.0 - 05-02-2024 *\/\n.elementor-widget-image{text-align:center}.elementor-widget-image a{display:inline-block}.elementor-widget-image a img[src$=\".svg\"]{width:48px}.elementor-widget-image img{vertical-align:middle;display:inline-block}<\/style>\t\t\t\t\t\t\t\t\t\t<img fetchpriority=\"high\" decoding=\"async\" width=\"1000\" height=\"667\" src=\"https:\/\/devmarshal.eco.br\/pharmalife\/wp-content\/uploads\/2024\/02\/Portrait-of-an-extended-family-with-their-pet-dog-sitting-at-the-park.jpeg\" class=\"attachment-large size-large wp-image-3248\" alt=\"\" srcset=\"https:\/\/devmarshal.eco.br\/pharmalife\/wp-content\/uploads\/2024\/02\/Portrait-of-an-extended-family-with-their-pet-dog-sitting-at-the-park.jpeg 1000w, https:\/\/devmarshal.eco.br\/pharmalife\/wp-content\/uploads\/2024\/02\/Portrait-of-an-extended-family-with-their-pet-dog-sitting-at-the-park-300x200.jpeg 300w, https:\/\/devmarshal.eco.br\/pharmalife\/wp-content\/uploads\/2024\/02\/Portrait-of-an-extended-family-with-their-pet-dog-sitting-at-the-park-768x512.jpeg 768w, https:\/\/devmarshal.eco.br\/pharmalife\/wp-content\/uploads\/2024\/02\/Portrait-of-an-extended-family-with-their-pet-dog-sitting-at-the-park-600x400.jpeg 600w\" sizes=\"(max-width: 1000px) 100vw, 1000px\" \/>\t\t\t\t\t\t\t\t\t\t\t\t\t<\/div>\n\t\t\t\t<\/div>\n\t\t\t\t<div class=\"elementor-element elementor-element-9e70f09 elementor-invisible elementor-widget elementor-widget-heading\" data-id=\"9e70f09\" data-element_type=\"widget\" data-settings=\"{&quot;_animation&quot;:&quot;fadeInLeft&quot;}\" data-widget_type=\"heading.default\">\n\t\t\t\t<div class=\"elementor-widget-container\">\n\t\t\t<h4 class=\"elementor-heading-title elementor-size-default\">ONG's APOIADAS:<\/h4>\t\t<\/div>\n\t\t\t\t<\/div>\n\t\t<div class=\"elementor-element elementor-element-7dea6ae e-flex e-con-boxed elementor-invisible e-con e-child\" data-id=\"7dea6ae\" data-element_type=\"container\" data-settings=\"{&quot;animation&quot;:&quot;fadeInLeft&quot;,&quot;content_width&quot;:&quot;boxed&quot;}\">\n\t\t\t\t\t<div class=\"e-con-inner\">\n\t\t<div class=\"elementor-element elementor-element-523d836 e-con-full elementor-hidden-desktop elementor-hidden-tablet elementor-hidden-mobile e-flex e-con e-child\" data-id=\"523d836\" data-element_type=\"container\" data-settings=\"{&quot;content_width&quot;:&quot;full&quot;}\">\n\t\t\t\t<div class=\"elementor-element elementor-element-ed7d718 elementor-position-top elementor-widget elementor-widget-image-box\" data-id=\"ed7d718\" data-element_type=\"widget\" data-widget_type=\"image-box.default\">\n\t\t\t\t<div class=\"elementor-widget-container\">\n\t\t\t<style>\/*! elementor - v3.19.0 - 05-02-2024 *\/\n.elementor-widget-image-box .elementor-image-box-content{width:100%}@media (min-width:768px){.elementor-widget-image-box.elementor-position-left .elementor-image-box-wrapper,.elementor-widget-image-box.elementor-position-right .elementor-image-box-wrapper{display:flex}.elementor-widget-image-box.elementor-position-right .elementor-image-box-wrapper{text-align:right;flex-direction:row-reverse}.elementor-widget-image-box.elementor-position-left .elementor-image-box-wrapper{text-align:left;flex-direction:row}.elementor-widget-image-box.elementor-position-top .elementor-image-box-img{margin:auto}.elementor-widget-image-box.elementor-vertical-align-top .elementor-image-box-wrapper{align-items:flex-start}.elementor-widget-image-box.elementor-vertical-align-middle .elementor-image-box-wrapper{align-items:center}.elementor-widget-image-box.elementor-vertical-align-bottom .elementor-image-box-wrapper{align-items:flex-end}}@media (max-width:767px){.elementor-widget-image-box .elementor-image-box-img{margin-left:auto!important;margin-right:auto!important;margin-bottom:15px}}.elementor-widget-image-box .elementor-image-box-img{display:inline-block}.elementor-widget-image-box .elementor-image-box-title a{color:inherit}.elementor-widget-image-box .elementor-image-box-wrapper{text-align:center}.elementor-widget-image-box .elementor-image-box-description{margin:0}<\/style><div class=\"elementor-image-box-wrapper\"><figure class=\"elementor-image-box-img\"><img decoding=\"async\" width=\"224\" height=\"224\" src=\"https:\/\/devmarshal.eco.br\/pharmalife\/wp-content\/uploads\/2020\/07\/Imagem_WhatsApp_2024-02-01_as_14.33.59_cac0116e-removebg-preview.png\" class=\"elementor-animation-pulse-grow attachment-full size-full wp-image-2885\" alt=\"\" srcset=\"https:\/\/devmarshal.eco.br\/pharmalife\/wp-content\/uploads\/2020\/07\/Imagem_WhatsApp_2024-02-01_as_14.33.59_cac0116e-removebg-preview.png 224w, https:\/\/devmarshal.eco.br\/pharmalife\/wp-content\/uploads\/2020\/07\/Imagem_WhatsApp_2024-02-01_as_14.33.59_cac0116e-removebg-preview-150x150.png 150w, https:\/\/devmarshal.eco.br\/pharmalife\/wp-content\/uploads\/2020\/07\/Imagem_WhatsApp_2024-02-01_as_14.33.59_cac0116e-removebg-preview-100x100.png 100w\" sizes=\"(max-width: 224px) 100vw, 224px\" \/><\/figure><div class=\"elementor-image-box-content\"><h3 class=\"elementor-image-box-title\">Associa\u00e7\u00e3o Protetora dos Animais de Sorocaba <\/h3><\/div><\/div>\t\t<\/div>\n\t\t\t\t<\/div>\n\t\t\t\t<\/div>\n\t\t<div class=\"elementor-element elementor-element-2501fb3 e-con-full e-flex e-con e-child\" data-id=\"2501fb3\" data-element_type=\"container\" data-settings=\"{&quot;content_width&quot;:&quot;full&quot;}\">\n\t\t\t\t<div class=\"elementor-element elementor-element-3a3fa9e elementor-position-top elementor-widget elementor-widget-image-box\" data-id=\"3a3fa9e\" data-element_type=\"widget\" data-widget_type=\"image-box.default\">\n\t\t\t\t<div class=\"elementor-widget-container\">\n\t\t\t<div class=\"elementor-image-box-wrapper\"><figure class=\"elementor-image-box-img\"><img decoding=\"async\" width=\"160\" height=\"160\" src=\"https:\/\/devmarshal.eco.br\/pharmalife\/wp-content\/uploads\/2020\/07\/Imagem_WhatsApp_2024-02-01_as_14.33.59_64700f96-removebg-preview.png\" class=\"elementor-animation-pulse-grow attachment-full size-full wp-image-2886\" alt=\"\" srcset=\"https:\/\/devmarshal.eco.br\/pharmalife\/wp-content\/uploads\/2020\/07\/Imagem_WhatsApp_2024-02-01_as_14.33.59_64700f96-removebg-preview.png 160w, https:\/\/devmarshal.eco.br\/pharmalife\/wp-content\/uploads\/2020\/07\/Imagem_WhatsApp_2024-02-01_as_14.33.59_64700f96-removebg-preview-150x150.png 150w, https:\/\/devmarshal.eco.br\/pharmalife\/wp-content\/uploads\/2020\/07\/Imagem_WhatsApp_2024-02-01_as_14.33.59_64700f96-removebg-preview-100x100.png 100w\" sizes=\"(max-width: 160px) 100vw, 160px\" \/><\/figure><div class=\"elementor-image-box-content\"><h3 class=\"elementor-image-box-title\">Associa\u00e7\u00e3o Abrigo Tempor\u00e1rio de Animais Necessitados<\/h3><\/div><\/div>\t\t<\/div>\n\t\t\t\t<\/div>\n\t\t\t\t<\/div>\n\t\t\t\t\t<\/div>\n\t\t\t\t<\/div>\n\t\t\t\t\t<\/div>\n\t\t\t\t<\/div>\n\t\t\t\t\t<\/div>\n\t\t\t\t<\/div>\n\t\t<div class=\"elementor-element elementor-element-4a280ed e-flex e-con-boxed e-con e-parent\" data-id=\"4a280ed\" data-element_type=\"container\" data-settings=\"{&quot;content_width&quot;:&quot;boxed&quot;}\" data-core-v316-plus=\"true\">\n\t\t\t\t\t<div class=\"e-con-inner\">\n\t\t\t\t<div class=\"elementor-element elementor-element-f0a9d28 elementor-widget elementor-widget-menu-anchor\" data-id=\"f0a9d28\" data-element_type=\"widget\" data-widget_type=\"menu-anchor.default\">\n\t\t\t\t<div class=\"elementor-widget-container\">\n\t\t\t\t\t<div id=\"RespAmb\" class=\"elementor-menu-anchor\"><\/div>\n\t\t\t\t<\/div>\n\t\t\t\t<\/div>\n\t\t<div class=\"elementor-element elementor-element-90d485f e-flex e-con-boxed elementor-invisible e-con e-child\" data-id=\"90d485f\" data-element_type=\"container\" data-settings=\"{&quot;animation&quot;:&quot;fadeInRight&quot;,&quot;content_width&quot;:&quot;boxed&quot;}\">\n\t\t\t\t\t<div class=\"e-con-inner\">\n\t\t\t\t<div class=\"elementor-element elementor-element-d3be441 elementor-invisible elementor-widget elementor-widget-heading\" data-id=\"d3be441\" data-element_type=\"widget\" data-settings=\"{&quot;_animation&quot;:&quot;fadeInRight&quot;}\" data-widget_type=\"heading.default\">\n\t\t\t\t<div class=\"elementor-widget-container\">\n\t\t\t<h3 class=\"elementor-heading-title elementor-size-default\">RESPONSABILIDADE AMBIENTAL<\/h3>\t\t<\/div>\n\t\t\t\t<\/div>\n\t\t\t\t<div class=\"elementor-element elementor-element-1a4134b elementor-invisible elementor-widget elementor-widget-text-editor\" data-id=\"1a4134b\" data-element_type=\"widget\" data-settings=\"{&quot;_animation&quot;:&quot;fadeInLeft&quot;}\" data-widget_type=\"text-editor.default\">\n\t\t\t\t<div class=\"elementor-widget-container\">\n\t\t\t\t\t\t\t<p>A <strong><span style=\"color: #a6cd69;\"><a style=\"color: #a6cd69;\" href=\"https:\/\/www.eureciclo.com.br\/\">eureciclo<\/a><\/span><\/strong> certifica a log\u00edstica reversa de embalagens p\u00f3s consumo atrav\u00e9s da compensa\u00e7\u00e3o ambiental. Na pr\u00e1tica, isso quer dizer que as empresas que adotam o selo, como a <strong>Pharmalife<\/strong>, cumprem a legisla\u00e7\u00e3o ambiental vigente a um custo at\u00e9 80% menor. Todo esse processo \u00e9 certificado de maneira a cumprir a Pol\u00edtica Nacional de Res\u00edduos S\u00f3lidos, a PNRS.<\/p>\t\t\t\t\t\t<\/div>\n\t\t\t\t<\/div>\n\t\t\t\t<div class=\"elementor-element elementor-element-c899d20 elementor-invisible elementor-widget elementor-widget-image\" data-id=\"c899d20\" data-element_type=\"widget\" data-settings=\"{&quot;_animation&quot;:&quot;fadeInLeft&quot;}\" data-widget_type=\"image.default\">\n\t\t\t\t<div class=\"elementor-widget-container\">\n\t\t\t\t\t\t\t\t\t\t\t\t\t<img loading=\"lazy\" decoding=\"async\" width=\"600\" height=\"600\" src=\"https:\/\/devmarshal.eco.br\/pharmalife\/wp-content\/uploads\/2024\/04\/EuReciclo_Pharmalife-600x600.png\" class=\"attachment-maxbizz-portfolio-thumbnail-grid size-maxbizz-portfolio-thumbnail-grid wp-image-3431\" alt=\"\" srcset=\"https:\/\/devmarshal.eco.br\/pharmalife\/wp-content\/uploads\/2024\/04\/EuReciclo_Pharmalife-600x600.png 600w, https:\/\/devmarshal.eco.br\/pharmalife\/wp-content\/uploads\/2024\/04\/EuReciclo_Pharmalife-300x300.png 300w, https:\/\/devmarshal.eco.br\/pharmalife\/wp-content\/uploads\/2024\/04\/EuReciclo_Pharmalife-1024x1024.png 1024w, https:\/\/devmarshal.eco.br\/pharmalife\/wp-content\/uploads\/2024\/04\/EuReciclo_Pharmalife-150x150.png 150w, https:\/\/devmarshal.eco.br\/pharmalife\/wp-content\/uploads\/2024\/04\/EuReciclo_Pharmalife-768x768.png 768w, https:\/\/devmarshal.eco.br\/pharmalife\/wp-content\/uploads\/2024\/04\/EuReciclo_Pharmalife-100x100.png 100w, https:\/\/devmarshal.eco.br\/pharmalife\/wp-content\/uploads\/2024\/04\/EuReciclo_Pharmalife.png 1080w\" sizes=\"(max-width: 600px) 100vw, 600px\" \/>\t\t\t\t\t\t\t\t\t\t\t\t\t<\/div>\n\t\t\t\t<\/div>\n\t\t\t\t\t<\/div>\n\t\t\t\t<\/div>\n\t\t\t\t\t<\/div>\n\t\t\t\t<\/div>\n\t\t\t\t<\/div>\n\t\t","protected":false},"excerpt":{"rendered":"<p>RESPONSABILIDADE SOCIAL APOIO A INSTITUI\u00c7\u00d5ES Existem mais de 30 milh\u00f5es de c\u00e3es e gatos abandonados nas ruas do pa\u00eds, segundo a OMS. Para ajudar a dar um futuro digno a eles, auxiliamos duas ONG&#8217;s parceiras atrav\u00e9s de doa\u00e7\u00f5es, sejam de produtos ou financeiras. Ou seja: Quando voc\u00ea adquire um produto Pharmalife voc\u00ea contribui com o [&hellip;]<\/p>\n","protected":false},"author":1,"featured_media":0,"parent":0,"menu_order":0,"comment_status":"closed","ping_status":"closed","template":"elementor_theme","meta":{"_joinchat":[],"footnotes":""},"class_list":["post-3222","page","type-page","status-publish","hentry"],"_links":{"self":[{"href":"https:\/\/devmarshal.eco.br\/pharmalife\/wp-json\/wp\/v2\/pages\/3222","targetHints":{"allow":["GET"]}}],"collection":[{"href":"https:\/\/devmarshal.eco.br\/pharmalife\/wp-json\/wp\/v2\/pages"}],"about":[{"href":"https:\/\/devmarshal.eco.br\/pharmalife\/wp-json\/wp\/v2\/types\/page"}],"author":[{"embeddable":true,"href":"https:\/\/devmarshal.eco.br\/pharmalife\/wp-json\/wp\/v2\/users\/1"}],"replies":[{"embeddable":true,"href":"https:\/\/devmarshal.eco.br\/pharmalife\/wp-json\/wp\/v2\/comments?post=3222"}],"version-history":[{"count":58,"href":"https:\/\/devmarshal.eco.br\/pharmalife\/wp-json\/wp\/v2\/pages\/3222\/revisions"}],"predecessor-version":[{"id":4126,"href":"https:\/\/devmarshal.eco.br\/pharmalife\/wp-json\/wp\/v2\/pages\/3222\/revisions\/4126"}],"wp:attachment":[{"href":"https:\/\/devmarshal.eco.br\/pharmalife\/wp-json\/wp\/v2\/media?parent=3222"}],"curies":[{"name":"wp","href":"https:\/\/api.w.org\/{rel}","templated":true}]}}