{"id":3422,"date":"2021-07-15T09:40:52","date_gmt":"2021-07-15T12:40:52","guid":{"rendered":"https:\/\/devmarshal.eco.br\/anferteste\/?post_type=product&#038;p=3422"},"modified":"2021-10-19T13:43:49","modified_gmt":"2021-10-19T16:43:49","slug":"barra-chata","status":"publish","type":"product","link":"https:\/\/devmarshal.eco.br\/anferteste\/produto\/barra-chata\/","title":{"rendered":"Barra chata"},"content":{"rendered":"","protected":false},"excerpt":{"rendered":"<p>A barra com se\u00e7\u00e3o transversal retangular possui superf\u00edcies lisas, sem cantos vivos. Este produto \u00e9 extremamente vers\u00e1til, sendo empregado principalmente em grades e port\u00f5es, esquadrias,&hellip;<\/p>\n","protected":false},"featured_media":3423,"template":"","meta":[],"product_cat":[114],"product_tag":[],"class_list":["post-3422","product","type-product","status-publish","has-post-thumbnail","hentry","product_cat-barra-chata","thumb-no-effect","prod-rating-off"],"_links":{"self":[{"href":"https:\/\/devmarshal.eco.br\/anferteste\/wp-json\/wp\/v2\/product\/3422","targetHints":{"allow":["GET"]}}],"collection":[{"href":"https:\/\/devmarshal.eco.br\/anferteste\/wp-json\/wp\/v2\/product"}],"about":[{"href":"https:\/\/devmarshal.eco.br\/anferteste\/wp-json\/wp\/v2\/types\/product"}],"wp:featuredmedia":[{"embeddable":true,"href":"https:\/\/devmarshal.eco.br\/anferteste\/wp-json\/wp\/v2\/media\/3423"}],"wp:attachment":[{"href":"https:\/\/devmarshal.eco.br\/anferteste\/wp-json\/wp\/v2\/media?parent=3422"}],"wp:term":[{"taxonomy":"product_cat","embeddable":true,"href":"https:\/\/devmarshal.eco.br\/anferteste\/wp-json\/wp\/v2\/product_cat?post=3422"},{"taxonomy":"product_tag","embeddable":true,"href":"https:\/\/devmarshal.eco.br\/anferteste\/wp-json\/wp\/v2\/product_tag?post=3422"}],"curies":[{"name":"wp","href":"https:\/\/api.w.org\/{rel}","templated":true}]}}