{"id":707,"date":"2018-04-12T23:11:14","date_gmt":"2018-04-12T16:11:14","guid":{"rendered":"http:\/\/camille.la-studioweb.com\/?page_id=707"},"modified":"2022-01-12T08:06:11","modified_gmt":"2022-01-12T11:06:11","slug":"home-15","status":"publish","type":"page","link":"https:\/\/devmarshal.eco.br\/anferteste\/","title":{"rendered":"Home 15"},"content":{"rendered":"<p>[vc_row][vc_column][rev_slider_vc alias=&#8221;home-15&#8243;][\/vc_column][\/vc_row][vc_row full_width=&#8221;stretch_row_content_no_spaces&#8221;][vc_column width=&#8221;5\/6&#8243; la_animation_name=&#8221;fadeInUp&#8221; la_animation_duration=&#8221;1&#8243; la_animation_delay=&#8221;0.2&#8243; la_animation_iteration_count=&#8221;1&#8243; offset=&#8221;vc_col-md-offset-2 vc_col-md-8 vc_col-sm-offset-1&#8243;]<div id=\"la_divider69e49a2ca29eb\" class=\"js-el la-divider la-unit-responsive\" data-la_component=\"UnitResponsive\"  data-el_target='#la_divider69e49a2ca29eb'  data-el_media_sizes='{&quot;padding-top&quot;:&quot;lg:60px;&quot;}' ><\/div>\n<div id=\"la_heading_69e49a2ca2f82\" class=\"la-headings text-center\"><h2 class=\"js-el heading-tag la-unit-responsive margin-bottom-15\" style=\"color:#051f50;font-family:Cutive;font-weight:400;font-style:normal\"  data-la_component=\"UnitResponsive\"  data-el_target='#la_heading_69e49a2ca2f82 .heading-tag'  data-el_media_sizes='{&quot;font-size&quot;:&quot;lg:36px;&quot;,&quot;line-height&quot;:&quot;&quot;}' >Bem vindo a Anfer<\/h2><\/div>\n<div id=\"la_heading_69e49a2ca349a\" class=\"la-headings text-center\"><div class=\"js-el subheading-tag la-unit-responsive line-height-2\" style=\"color:#000000\" ><p style=\"text-align: center;\">Uma empresa especializada em comercializa\u00e7\u00e3o de ferragens e a\u00e7o, telhas galvanizadas, al\u00e9m de servi\u00e7os de corte e dobra com equipamentos de ultima gera\u00e7\u00e3o e alta capacidade de trabalho para realiza\u00e7\u00e3o de servi\u00e7os com calandra, corte a laser, entre outros.<\/p>\n<\/div><\/div>\n<div id=\"la_divider69e49a2ca362f\" class=\"js-el la-divider la-unit-responsive\" data-la_component=\"UnitResponsive\"  data-el_target='#la_divider69e49a2ca362f'  data-el_media_sizes='{&quot;padding-top&quot;:&quot;lg:50px;&quot;}' ><\/div>\n[\/vc_column][\/vc_row][vc_row][vc_column width=&#8221;1\/2&#8243; la_animation_name=&#8221;fadeInUp&#8221; la_animation_duration=&#8221;1&#8243; la_animation_delay=&#8221;0.2&#8243; la_animation_iteration_count=&#8221;1&#8243;]<div id=\"la_heading_69e49a2ca380a\" class=\"la-headings text-center\"><h2 class=\"js-el heading-tag la-unit-responsive\" style=\"color:#051f50;font-family:Cutive;font-weight:400;font-style:normal\"  data-la_component=\"UnitResponsive\"  data-el_target='#la_heading_69e49a2ca380a .heading-tag'  data-el_media_sizes='{&quot;font-size&quot;:&quot;xlg:36px;lg:36px;md:36px;sm:36px;&quot;,&quot;line-height&quot;:&quot;&quot;}' >Trabalhamos com a melhor qualidade<\/h2><div class=\"js-el subheading-tag la-unit-responsive\" style=\"color:#000000\" ><p>A Anfer \u00e9 certificada ISO 9001, o que estabelece o compromisso da melhoria cont\u00ednua dos processos, produtos e servi\u00e7os. Esta certifica\u00e7\u00e3o contribui para aprimorar a competitividade e a confiabilidade de seus produtos e servi\u00e7os, al\u00e9m do rigoroso controle de qualidade nos seus processos produtivos.<\/p>\n<p>A nossa linha de produtos atinge todos os p\u00fablicos de forma eficaz. Trabalhamos com: barra chata, perfilados, telhas, cantoneiras, tubos, chapas, vigas, ferro redondo e acess\u00f3rios.<\/p>\n<\/div><\/div>\n<div id=\"la_divider69e49a2ca39ad\" class=\"js-el la-divider la-unit-responsive\" data-la_component=\"UnitResponsive\"  data-el_target='#la_divider69e49a2ca39ad'  data-el_media_sizes='{&quot;padding-top&quot;:&quot;lg:30px;&quot;}' ><\/div>\n[\/vc_column][vc_column width=&#8221;1\/2&#8243;][vc_single_image image=&#8221;3442&#8243; img_size=&#8221;full&#8221;][\/vc_column][\/vc_row][vc_row full_width=&#8221;stretch_row&#8221; disable_element=&#8221;yes&#8221; css=&#8221;.vc_custom_1626195003911{border-top-width: 1px !important;border-top-color: #e2e2e2 !important;border-top-style: solid !important;}&#8221;][vc_column la_animation_name=&#8221;fadeInUp&#8221; la_animation_duration=&#8221;1&#8243; la_animation_delay=&#8221;0.2&#8243; la_animation_iteration_count=&#8221;1&#8243; css=&#8221;.vc_custom_1526463013497{padding-top: 0px !important;}&#8221;]<div id=\"la_divider69e49a2ca3ac7\" class=\"js-el la-divider la-unit-responsive\" data-la_component=\"UnitResponsive\"  data-el_target='#la_divider69e49a2ca3ac7'  data-el_media_sizes='{&quot;padding-top&quot;:&quot;lg:40px;&quot;}' ><\/div>\n<div id=\"la_carousel_105599930669e49a2ca3e97\" class=\"la-carousel-wrapper la_carousel_horizontal slider-item-middle slider-image-overlay\" data-gutter=\"15\">\n    <div data-la_component=\"AutoCarousel\" class=\"js-el la-slick-slider\" data-slider_config=\"{&quot;slidesToShow&quot;:6,&quot;slidesToScroll&quot;:6,&quot;dots&quot;:false,&quot;autoplaySpeed&quot;:5000,&quot;speed&quot;:300,&quot;infinite&quot;:false,&quot;arrows&quot;:false,&quot;swipe&quot;:true,&quot;draggable&quot;:true,&quot;touchMove&quot;:true,&quot;pauseOnHover&quot;:false,&quot;responsive&quot;:[{&quot;breakpoint&quot;:1824,&quot;settings&quot;:{&quot;slidesToShow&quot;:6,&quot;slidesToScroll&quot;:6}},{&quot;breakpoint&quot;:1200,&quot;settings&quot;:{&quot;slidesToShow&quot;:5,&quot;slidesToScroll&quot;:5}},{&quot;breakpoint&quot;:992,&quot;settings&quot;:{&quot;slidesToShow&quot;:4,&quot;slidesToScroll&quot;:4}},{&quot;breakpoint&quot;:768,&quot;settings&quot;:{&quot;slidesToShow&quot;:3,&quot;slidesToScroll&quot;:3}},{&quot;breakpoint&quot;:576,&quot;settings&quot;:{&quot;slidesToShow&quot;:2,&quot;slidesToScroll&quot;:2}}],&quot;pauseOnDotsHover&quot;:true}\">\n        [vc_single_image image=&#8221;2876&#8243; img_size=&#8221;full&#8221; alignment=&#8221;center&#8221;][vc_single_image image=&#8221;2877&#8243; img_size=&#8221;full&#8221; alignment=&#8221;center&#8221;][vc_single_image image=&#8221;2878&#8243; img_size=&#8221;full&#8221; alignment=&#8221;center&#8221;][vc_single_image image=&#8221;2879&#8243; img_size=&#8221;full&#8221; alignment=&#8221;center&#8221;][vc_single_image image=&#8221;2880&#8243; img_size=&#8221;full&#8221; alignment=&#8221;center&#8221;][vc_single_image image=&#8221;2881&#8243; img_size=&#8221;full&#8221; alignment=&#8221;center&#8221;]    <\/div>\n<\/div>\n<span data-la_component=\"InsertCustomCSS\" class=\"js-el hidden\">\n    #la_carousel_105599930669e49a2ca3e97{\n        margin-left: -15px;\n        margin-right: -15px;\n    }\n    #la_carousel_105599930669e49a2ca3e97 .la-item-wrap.slick-slide{\n        padding-left: 15px;\n        padding-right: 15px;\n    }\n<\/span><div id=\"la_divider69e49a2ca41d2\" class=\"js-el la-divider la-unit-responsive\" data-la_component=\"UnitResponsive\"  data-el_target='#la_divider69e49a2ca41d2'  data-el_media_sizes='{&quot;padding-top&quot;:&quot;lg:40px;&quot;}' ><\/div>\n[\/vc_column][\/vc_row][vc_row][vc_column width=&#8221;5\/6&#8243; la_animation_name=&#8221;fadeInUp&#8221; la_animation_duration=&#8221;1&#8243; la_animation_delay=&#8221;0.2&#8243; la_animation_iteration_count=&#8221;1&#8243; offset=&#8221;vc_col-md-offset-2 vc_col-md-8 vc_col-sm-offset-1&#8243;]<div id=\"la_divider69e49a2ca42df\" class=\"js-el la-divider la-unit-responsive\" data-la_component=\"UnitResponsive\"  data-el_target='#la_divider69e49a2ca42df'  data-el_media_sizes='{&quot;padding-top&quot;:&quot;lg:50px;&quot;}' ><\/div>\n<div id=\"la_heading_69e49a2ca44e0\" class=\"la-headings text-center\"><h2 class=\"js-el heading-tag la-unit-responsive margin-bottom-15\" style=\"color:#051f50;font-family:Cutive;font-weight:400;font-style:normal\"  data-la_component=\"UnitResponsive\"  data-el_target='#la_heading_69e49a2ca44e0 .heading-tag'  data-el_media_sizes='{&quot;font-size&quot;:&quot;lg:36px;&quot;,&quot;line-height&quot;:&quot;&quot;}' >Conhe\u00e7a os nossos servi\u00e7os<\/h2><\/div>\n<div id=\"la_divider69e49a2ca4644\" class=\"js-el la-divider la-unit-responsive\" data-la_component=\"UnitResponsive\"  data-el_target='#la_divider69e49a2ca4644'  data-el_media_sizes='{&quot;padding-top&quot;:&quot;lg:40px;&quot;}' ><\/div>\n[vc_video link=&#8221;https:\/\/www.youtube.com\/watch?v=kzQWdH_CqfY&#8221; align=&#8221;center&#8221;][\/vc_column][\/vc_row][vc_row][vc_column width=&#8221;1\/3&#8243;][vc_btn title=&#8221;Corte a laser&#8221; style=&#8221;3d&#8221; color=&#8221;primary&#8221; align=&#8221;right&#8221; link=&#8221;url:https%3A%2F%2Fdevmarshal.eco.br\/anferteste%2Fcorte-a-laser%2F||target:%20_blank|&#8221;][\/vc_column][vc_column width=&#8221;1\/3&#8243;][vc_btn title=&#8221;Telhas galvanizadas&#8221; style=&#8221;3d&#8221; color=&#8221;primary&#8221; align=&#8221;center&#8221; link=&#8221;url:https%3A%2F%2Fdevmarshal.eco.br\/anferteste%2Ftelhas-galvanizadas%2F|title:Telhas%20galvanizadas|target:%20_blank|&#8221;][\/vc_column][vc_column width=&#8221;1\/3&#8243;][vc_btn title=&#8221;Dobra de chapa&#8221; style=&#8221;3d&#8221; color=&#8221;primary&#8221; align=&#8221;left&#8221; link=&#8221;url:https%3A%2F%2Fdevmarshal.eco.br\/anferteste%2Fdobra-de-chapas%2F||target:%20_blank|&#8221;][\/vc_column][\/vc_row][vc_row][vc_column width=&#8221;5\/6&#8243; la_animation_name=&#8221;fadeInUp&#8221; la_animation_duration=&#8221;1&#8243; la_animation_delay=&#8221;0.2&#8243; la_animation_iteration_count=&#8221;1&#8243; offset=&#8221;vc_col-md-offset-2 vc_col-md-8 vc_col-sm-offset-1&#8243;]<div id=\"la_divider69e49a2ca474f\" class=\"js-el la-divider la-unit-responsive\" data-la_component=\"UnitResponsive\"  data-el_target='#la_divider69e49a2ca474f'  data-el_media_sizes='{&quot;padding-top&quot;:&quot;lg:50px;&quot;}' ><\/div>\n<div id=\"la_heading_69e49a2ca4955\" class=\"la-headings text-center\"><h2 class=\"js-el heading-tag la-unit-responsive margin-bottom-15\" style=\"color:#051f50;font-family:Cutive;font-weight:400;font-style:normal\"  data-la_component=\"UnitResponsive\"  data-el_target='#la_heading_69e49a2ca4955 .heading-tag'  data-el_media_sizes='{&quot;font-size&quot;:&quot;lg:36px;&quot;,&quot;line-height&quot;:&quot;&quot;}' >Onde estamos localizados<\/h2><\/div>\n<div id=\"la_divider69e49a2ca4ad9\" class=\"js-el la-divider la-unit-responsive\" data-la_component=\"UnitResponsive\"  data-el_target='#la_divider69e49a2ca4ad9'  data-el_media_sizes='{&quot;padding-top&quot;:&quot;lg:40px;&quot;}' ><\/div>\n[vc_gmaps link=&#8221;#E-8_JTNDaWZyYW1lJTIwc3JjJTNEJTIyaHR0cHMlM0ElMkYlMkZ3d3cuZ29vZ2xlLmNvbSUyRm1hcHMlMkZlbWJlZCUzRnBiJTNEJTIxMW0xOCUyMTFtMTIlMjExbTMlMjExZDM2NjAuNDE3MzM3ODk1NTU3NSUyMTJkLTQ3LjQ0MTYxNTk4NTAyNDQ1JTIxM2QtMjMuNDQ1NDA2MDg0NzQwNjkzJTIxMm0zJTIxMWYwJTIxMmYwJTIxM2YwJTIxM20yJTIxMWkxMDI0JTIxMmk3NjglMjE0ZjEzLjElMjEzbTMlMjExbTIlMjExczB4OTRjZjVmODRiN2E0MTZkNSUyNTNBMHg0NjE3N2ExZmE1ODBiODFkJTIxMnNBbmZlciUyNTIwQ29tJTI1QzMlMjVBOXJjaW8lMjUyMGRlJTI1MjBGZXJybyUyNTIwZSUyNTIwQSUyNUMzJTI1QTdvJTI1MjAlMjUyRiUyNTIwVGVsaGFzJTI1MjBHYWx2YW5pemFkYXMlMjE1ZTAlMjEzbTIlMjExc3B0LUJSJTIxMnNiciUyMTR2MTYyNjE5NjQ5OTU1MyUyMTVtMiUyMTFzcHQtQlIlMjEyc2JyJTIyJTIwd2lkdGglM0QlMjI2MDAlMjIlMjBoZWlnaHQlM0QlMjI0NTAlMjIlMjBzdHlsZSUzRCUyMmJvcmRlciUzQTAlM0IlMjIlMjBhbGxvd2Z1bGxzY3JlZW4lM0QlMjIlMjIlMjBsb2FkaW5nJTNEJTIybGF6eSUyMiUzRSUzQyUyRmlmcmFtZSUzRQ==&#8221;]<div id=\"la_divider69e49a2ca4bf4\" class=\"js-el la-divider la-unit-responsive\" data-la_component=\"UnitResponsive\"  data-el_target='#la_divider69e49a2ca4bf4'  data-el_media_sizes='{&quot;padding-top&quot;:&quot;lg:50px;&quot;}' ><\/div>\n[\/vc_column][\/vc_row]<\/p>\n","protected":false},"excerpt":{"rendered":"<p>[vc_row][vc_column][rev_slider_vc alias=&#8221;home-15&#8243;][\/vc_column][\/vc_row][vc_row full_width=&#8221;stretch_row_content_no_spaces&#8221;][vc_column width=&#8221;5\/6&#8243; la_animation_name=&#8221;fadeInUp&#8221; la_animation_duration=&#8221;1&#8243; la_animation_delay=&#8221;0.2&#8243; la_animation_iteration_count=&#8221;1&#8243; offset=&#8221;vc_col-md-offset-2 vc_col-md-8 vc_col-sm-offset-1&#8243;][\/vc_column][\/vc_row][vc_row][vc_column width=&#8221;1\/2&#8243; la_animation_name=&#8221;fadeInUp&#8221; la_animation_duration=&#8221;1&#8243; la_animation_delay=&#8221;0.2&#8243; la_animation_iteration_count=&#8221;1&#8243;][\/vc_column][vc_column width=&#8221;1\/2&#8243;][vc_single_image image=&#8221;3442&#8243; img_size=&#8221;full&#8221;][\/vc_column][\/vc_row][vc_row full_width=&#8221;stretch_row&#8221; disable_element=&#8221;yes&#8221; css=&#8221;.vc_custom_1626195003911{border-top-width: 1px !important;border-top-color: #e2e2e2&hellip;<\/p>\n","protected":false},"author":1,"featured_media":0,"parent":0,"menu_order":0,"comment_status":"closed","ping_status":"closed","template":"","meta":{"footnotes":""},"class_list":["post-707","page","type-page","status-publish","hentry"],"_links":{"self":[{"href":"https:\/\/devmarshal.eco.br\/anferteste\/wp-json\/wp\/v2\/pages\/707","targetHints":{"allow":["GET"]}}],"collection":[{"href":"https:\/\/devmarshal.eco.br\/anferteste\/wp-json\/wp\/v2\/pages"}],"about":[{"href":"https:\/\/devmarshal.eco.br\/anferteste\/wp-json\/wp\/v2\/types\/page"}],"author":[{"embeddable":true,"href":"https:\/\/devmarshal.eco.br\/anferteste\/wp-json\/wp\/v2\/users\/1"}],"replies":[{"embeddable":true,"href":"https:\/\/devmarshal.eco.br\/anferteste\/wp-json\/wp\/v2\/comments?post=707"}],"version-history":[{"count":12,"href":"https:\/\/devmarshal.eco.br\/anferteste\/wp-json\/wp\/v2\/pages\/707\/revisions"}],"predecessor-version":[{"id":3673,"href":"https:\/\/devmarshal.eco.br\/anferteste\/wp-json\/wp\/v2\/pages\/707\/revisions\/3673"}],"wp:attachment":[{"href":"https:\/\/devmarshal.eco.br\/anferteste\/wp-json\/wp\/v2\/media?parent=707"}],"curies":[{"name":"wp","href":"https:\/\/api.w.org\/{rel}","templated":true}]}}